-- phpMyAdmin SQL Dump
-- version 3.3.9
-- http://www.phpmyadmin.net
--
-- Servidor: localhost
-- Tiempo de generación: 10-07-2014 a las 19:24:16
-- Versión del servidor: 5.5.8
-- Versión de PHP: 5.3.5

SET SQL_MODE="NO_AUTO_VALUE_ON_ZERO";


/*!40101 SET @OLD_CHARACTER_SET_CLIENT=@@CHARACTER_SET_CLIENT */;
/*!40101 SET @OLD_CHARACTER_SET_RESULTS=@@CHARACTER_SET_RESULTS */;
/*!40101 SET @OLD_COLLATION_CONNECTION=@@COLLATION_CONNECTION */;
/*!40101 SET NAMES utf8 */;

--
-- Base de datos: `formatos_posgrados`
--

-- --------------------------------------------------------

--
-- Estructura de tabla para la tabla `hoja1`
--

CREATE TABLE IF NOT EXISTS `hoja1` (
  `A` varchar(11) DEFAULT NULL,
  `B` varchar(75) DEFAULT NULL,
  `C` varchar(9) DEFAULT NULL,
  `D` varchar(38) DEFAULT NULL,
  `E` varchar(28) DEFAULT NULL,
  `F` varchar(15) DEFAULT NULL
) ENGINE=MyISAM DEFAULT CHARSET=utf8;

--
-- Volcar la base de datos para la tabla `hoja1`
--

INSERT INTO `hoja1` (`A`, `B`, `C`, `D`, `E`, `F`) VALUES
('id_programa', 'descripcion', 'id_sede', 'id_facultad', 'id_plan', 'id_nivel'),
('594', 'RADIOLOGIA PEDIATRICA', 'BOGOTA', 'MEDICINA', NULL, 'ESPECIALIDAD'),
('588', 'INGENIERIA - INGENIERIA DE PETROLEOS', 'MEDELLIN', 'MINAS', 'INVESTIGACION-PROFUNDIZACION', 'MAESTRIA'),
('589', 'PSICOLOGIA', 'BOGOTA', 'CIENCIAS HUMANAS', 'INVESTIGACION', 'DOCTORADO'),
('590', 'INGENIERIA - INGENIERIA CIVIL', 'BOGOTA', 'INGENIERIA', 'INVESTIGACION', 'DOCTORADO'),
('592', 'INGENIERIA - INGENIERIA CIVIL', 'MEDELLIN', 'MINAS', 'INVESTIGACION', 'DOCTORADO'),
('591', 'INGENIERIA - SISTEMAS ENERGETICOS', 'MEDELLIN', 'MINAS', 'INVESTIGACION-PROFUNDIZACION', 'MAESTRIA'),
('593', 'ACTUARIA Y FINANZAS', 'BOGOTA', 'CIENCIAS', 'PROFUNDIZACION', 'MAESTRIA'),
('577', 'ESTUDIOS POLITICOS', 'MEDELLIN', 'CIENCIAS HUMANAS Y ECONOMICAS', 'INVESTIGACION', 'MAESTRIA'),
('578', 'INGENIERIA INDUSTRIAL', 'MEDELLIN', 'MINAS', 'INVESTIGACION-PROFUNDIZACION', 'MAESTRIA'),
('579', 'INGENIERIA - INGENIERIA ELECTRONICA', 'BOGOTA', 'INGENIERIA', 'INVESTIGACION-PROFUNDIZACION', 'MAESTRIA'),
('580', 'EDUCACION SOCIAL Y AMBITOS ACADEMICOS', 'PALMIRA', 'CIENCIAS AGROPECUARIAS', NULL, 'ESPECIALIZACION'),
('582', 'MUSICOLOGIA', 'BOGOTA', 'ARTES', 'INVESTIGACION', 'MAESTRIA'),
('581', 'EDUCACION ARTISTICA', 'BOGOTA', 'ARTES', 'PROFUNDIZACION', 'MAESTRIA'),
('583', 'CIENCIAS - BIOQUIMICA', 'BOGOTA', 'CIENCIAS', 'INVESTIGACION', 'DOCTORADO'),
('584', 'ADMINISTRACION', 'PALMIRA', 'INGENIERIA Y ADMINISTRACION', 'PROFUNDIZACION', 'MAESTRIA'),
('585', 'INGENIERIA - INGENIERIA QUIMICA', 'MANIZALES', 'INGENIERIA Y ARQUITECTURA', 'INVESTIGACION', 'DOCTORADO'),
('574', 'INGENIERIA - INGENIERIA ELECTRICA', 'MANIZALES', 'INGENIERIA Y ARQUITECTURA', 'INVESTIGACION-PROFUNDIZACION', 'MAESTRIA'),
('575', 'CIENCIAS - BIOESTADISTICA', 'BOGOTA', 'CIENCIAS', 'PROFUNDIZACION', 'MAESTRIA'),
('576', 'CONTABILIDAD Y FINANZAS', 'BOGOTA', 'CIENCIAS ECONOMICAS', 'INVESTIGACION-PROFUNDIZACION', 'MAESTRIA'),
('554', 'ODONTOLOGIA', 'BOGOTA', 'ODONTOLOGIA', 'INVESTIGACION', 'MAESTRIA'),
('555', 'ADMINISTRACION EN SALUD PUBLICA', 'BOGOTA', 'MEDICINA', NULL, 'ESPECIALIZACION'),
('556', 'ESTRUCTURAS', 'MANIZALES', 'INGENIERIA Y ARQUITECTURA', NULL, 'ESPECIALIZACION'),
('557', 'ANTROPOLOGIA', 'BOGOTA', 'CIENCIAS HUMANAS', 'INVESTIGACION', 'DOCTORADO'),
('558', 'INGENIERIA - INGENIERIA MECANICA Y MECATRONICA', 'BOGOTA', 'INGENIERIA', 'INVESTIGACION', 'DOCTORADO'),
('559', 'BIOTECNOLOGIA', 'MEDELLIN', 'CIENCIAS', 'INVESTIGACION', 'DOCTORADO'),
('560', 'INGENIERIA - INDUSTRIA Y ORGANIZACIONES', 'BOGOTA', 'INGENIERIA', 'INVESTIGACION', 'DOCTORADO'),
('567', 'CIENCIAS - BIOLOGIA', 'CARIBE', 'CARIBE', 'INVESTIGACION', 'MAESTRIA'),
('561', 'INGENIERIA - INDUSTRIA Y ORGANIZACIONES', 'MEDELLIN', 'MINAS', 'INVESTIGACION', 'DOCTORADO'),
('562', 'INGENIERIA - INDUSTRIA Y ORGANIZACIONES', 'MANIZALES', 'INGENIERIA Y ARQUITECTURA', 'INVESTIGACION', 'DOCTORADO'),
('563', 'CIENCIAS - MATEMATICA APLICADA', 'MEDELLIN', 'CIENCIAS', 'INVESTIGACION', 'MAESTRIA'),
('526', 'ARQUITECTURA', 'MEDELLIN', 'ARQUITECTURA', 'INVESTIGACION', 'MAESTRIA'),
('527', 'DERECHOS HUMANOS Y DERECHO INTERNACIONAL HUMANITARIO', 'BOGOTA', 'DERECHO, CIENCIAS POLITICAS Y SOCIALES', NULL, 'ESPECIALIZACION'),
('528', 'ARTES PLASTICAS Y VISUALES', 'MEDELLIN', 'ARQUITECTURA', 'INVESTIGACION', 'MAESTRIA'),
('529', 'ENSEÑANZA DE LAS CIENCIAS EXACTAS Y NATURALES', 'BOGOTA', 'CIENCIAS', 'PROFUNDIZACION', 'MAESTRIA'),
('530', 'ENSEÑANZA DE LAS CIENCIAS EXACTAS Y NATURALES', 'MEDELLIN', 'CIENCIAS', 'PROFUNDIZACION', 'MAESTRIA'),
('531', 'ENSEÑANZA DE LAS CIENCIAS EXACTAS Y NATURALES', 'MANIZALES', 'CIENCIAS EXACTAS Y NATURALES', 'PROFUNDIZACION', 'MAESTRIA'),
('532', 'ENSEÑANZA DE LAS CIENCIAS EXACTAS Y NATURALES', 'PALMIRA', 'INGENIERIA Y ADMINISTRACION', 'PROFUNDIZACION', 'MAESTRIA'),
('534', 'GESTION CULTURAL CON ENFASIS EN PLANEACION Y POLITICAS CULTURALES', 'MANIZALES', 'ADMINISTRACION', NULL, 'ESPECIALIZACION'),
('535', 'AUDITORIA DE SISTEMAS', 'MANIZALES', 'ADMINISTRACION', NULL, 'ESPECIALIZACION'),
('536', 'INGENIERIA HIDRAULICA Y AMBIENTAL', 'MANIZALES', 'INGENIERIA Y ARQUITECTURA', NULL, 'ESPECIALIZACION'),
('537', 'GERENCIA ESTRATEGICA DE PROYECTOS', 'MANIZALES', 'ADMINISTRACION', NULL, 'ESPECIALIZACION'),
('541', 'AGROECOLOGIA', 'BOGOTA', 'CIENCIAS AGRARIAS', 'INVESTIGACION', 'DOCTORADO'),
('542', 'AGROECOLOGIA', 'MEDELLIN', 'CIENCIAS AGRARIAS', 'INVESTIGACION', 'DOCTORADO'),
('543', 'AGROECOLOGIA', 'PALMIRA', 'CIENCIAS AGROPECUARIAS', 'INVESTIGACION', 'DOCTORADO'),
('544', 'AGROECOLOGIA', 'AMAZONIA', 'AMAZONIA', 'INVESTIGACION', 'DOCTORADO'),
('545', 'INGENIERIA - INGENIERIA INDUSTRIAL', 'MANIZALES', 'INGENIERIA Y ARQUITECTURA', 'INVESTIGACION-PROFUNDIZACION', 'MAESTRIA'),
('546', 'CIENCIAS - FISICA', 'MEDELLIN', 'CIENCIAS', 'INVESTIGACION', 'DOCTORADO'),
('165', 'PERIODONCIA', 'BOGOTA', 'ODONTOLOGIA', NULL, 'ESPECIALIDAD'),
('533', 'MORFOLOGIA HUMANA', 'BOGOTA', 'MEDICINA', 'PROFUNDIZACION', 'MAESTRIA'),
('540', 'DERECHO', 'BOGOTA', 'DERECHO, CIENCIAS POLITICAS Y SOCIALES', 'INVESTIGACION', 'DOCTORADO'),
('538', 'CIENCIAS HUMANAS Y SOCIALES', 'BOGOTA', 'CIENCIAS HUMANAS', 'INVESTIGACION', 'DOCTORADO'),
('539', 'CIENCIAS HUMANAS Y SOCIALES', 'MEDELLIN', 'CIENCIAS HUMANAS Y ECONOMICAS', 'INVESTIGACION', 'DOCTORADO'),
('547', 'ENDODONCIA', 'BOGOTA', 'ODONTOLOGIA', NULL, 'ESPECIALIDAD'),
('548', 'GEOCIENCIAS', 'BOGOTA', 'CIENCIAS', 'INVESTIGACION', 'DOCTORADO'),
('378', 'HABITAT', 'BOGOTA', 'ARTES', 'INVESTIGACION', 'MAESTRIA'),
('105', 'FILOSOFIA', 'BOGOTA', 'CIENCIAS HUMANAS', 'INVESTIGACION', 'DOCTORADO'),
('384', 'AUTOMATIZACION INDUSTRIAL', 'MANIZALES', 'INGENIERIA Y ARQUITECTURA', NULL, 'ESPECIALIZACION'),
('361', 'VIAS Y TRANSPORTE', 'MANIZALES', 'INGENIERIA Y ARQUITECTURA', NULL, 'ESPECIALIZACION'),
('423', 'DISEÑO URBANO', 'MEDELLIN', 'ARQUITECTURA', NULL, 'ESPECIALIZACION'),
('424', 'SALUD PUBLICA', 'BOGOTA', 'MEDICINA', 'INVESTIGACION', 'DOCTORADO'),
('219', 'CIENCIA Y TECNOLOGIA DE ALIMENTOS', 'MEDELLIN', 'CIENCIAS AGRARIAS', NULL, 'ESPECIALIZACION'),
('115', 'SALUD OCUPACIONAL', 'BOGOTA', 'ENFERMERIA', NULL, 'ESPECIALIZACION'),
('379', 'HABITAT', 'MANIZALES', 'INGENIERIA Y ARQUITECTURA', 'INVESTIGACION', 'MAESTRIA'),
('75', 'CIENCIAS AGRARIAS', 'BOGOTA', 'CIENCIAS AGRARIAS', 'INVESTIGACION', 'MAESTRIA'),
('76', 'CIENCIAS AGRARIAS (CIENCIAS AGROPECUARIAS - AREA AGRARIA)', 'BOGOTA', 'CIENCIAS AGRARIAS', 'INVESTIGACION', 'DOCTORADO'),
('93', 'CIENCIAS - MATEMATICAS', 'BOGOTA', 'CIENCIAS', 'INVESTIGACION', 'DOCTORADO'),
('100', 'FILOSOFIA', 'BOGOTA', 'CIENCIAS HUMANAS', 'INVESTIGACION', 'MAESTRIA'),
('102', 'LINGÜISTICA', 'BOGOTA', 'CIENCIAS HUMANAS', 'PROFUNDIZACION', 'MAESTRIA'),
('103', 'ANTROPOLOGIA', 'BOGOTA', 'CIENCIAS HUMANAS', 'INVESTIGACION', 'MAESTRIA'),
('104', 'SOCIOLOGIA', 'BOGOTA', 'CIENCIAS HUMANAS', 'INVESTIGACION-PROFUNDIZACION', 'MAESTRIA'),
('110', 'DERECHO DE FAMILIA', 'BOGOTA', 'DERECHO, CIENCIAS POLITICAS Y SOCIALES', NULL, 'ESPECIALIZACION'),
('129', 'INGENIERIA - INGENIERIA AMBIENTAL', 'BOGOTA', 'INGENIERIA', 'INVESTIGACION-PROFUNDIZACION', 'MAESTRIA'),
('130', 'INGENIERIA - INGENIERIA ELECTRICA', 'BOGOTA', 'INGENIERIA', 'INVESTIGACION-PROFUNDIZACION', 'MAESTRIA'),
('131', 'INGENIERIA - MATERIALES Y PROCESOS', 'BOGOTA', 'INGENIERIA', 'INVESTIGACION', 'MAESTRIA'),
('114', 'ENFERMERIA MATERNO PERINATAL CON APOYO FAMILIAR', 'BOGOTA', 'ENFERMERIA', NULL, 'ESPECIALIZACION'),
('124', 'INGENIERIA - INGENIERIA DE SISTEMAS Y COMPUTACION', 'BOGOTA', 'INGENIERIA', 'INVESTIGACION-PROFUNDIZACION', 'MAESTRIA'),
('125', 'INGENIERIA - TRANSPORTE', 'BOGOTA', 'INGENIERIA', 'INVESTIGACION-PROFUNDIZACION', 'MAESTRIA'),
('126', 'INGENIERIA - ESTRUCTURAS', 'BOGOTA', 'INGENIERIA', 'INVESTIGACION-PROFUNDIZACION', 'MAESTRIA'),
('127', 'INGENIERIA - RECURSOS HIDRAULICOS', 'BOGOTA', 'INGENIERIA', 'INVESTIGACION-PROFUNDIZACION', 'MAESTRIA'),
('128', 'INGENIERIA - GEOTECNIA', 'BOGOTA', 'INGENIERIA', 'INVESTIGACION-PROFUNDIZACION', 'MAESTRIA'),
('135', 'CIRUGIA PLASTICA', 'BOGOTA', 'MEDICINA', NULL, 'ESPECIALIDAD'),
('136', 'OTORRINOLARINGOLOGIA', 'BOGOTA', 'MEDICINA', NULL, 'ESPECIALIDAD'),
('137', 'OFTALMOLOGIA', 'BOGOTA', 'MEDICINA', NULL, 'ESPECIALIDAD'),
('138', 'NEUROCIRUGIA', 'BOGOTA', 'MEDICINA', NULL, 'ESPECIALIDAD'),
('139', 'UROLOGIA', 'BOGOTA', 'MEDICINA', NULL, 'ESPECIALIDAD'),
('140', 'ORTOPEDIA Y TRAUMATOLOGIA', 'BOGOTA', 'MEDICINA', NULL, 'ESPECIALIDAD'),
('141', 'MEDICINA INTERNA', 'BOGOTA', 'MEDICINA', NULL, 'ESPECIALIDAD'),
('569', 'INGENIERIA - INGENIERIA AMBIENTAL', 'PALMIRA', 'INGENIERIA Y ADMINISTRACION', 'INVESTIGACION-PROFUNDIZACION', 'MAESTRIA'),
('570', 'FISIOTERAPIA DEL DEPORTE Y LA ACTIVIDAD FISICA', 'BOGOTA', 'MEDICINA', 'PROFUNDIZACION', 'MAESTRIA'),
('143', 'PSIQUIATRIA', 'BOGOTA', 'MEDICINA', NULL, 'ESPECIALIDAD'),
('144', 'REUMATOLOGIA', 'BOGOTA', 'MEDICINA', NULL, 'ESPECIALIDAD'),
('145', 'INFECTOLOGIA', 'BOGOTA', 'MEDICINA', NULL, 'ESPECIALIDAD'),
('146', 'DERMATOLOGIA', 'BOGOTA', 'MEDICINA', NULL, 'ESPECIALIDAD'),
('147', 'PATOLOGIA ANATOMICA Y CLINICA', 'BOGOTA', 'MEDICINA', NULL, 'ESPECIALIDAD'),
('471', 'ANIMACION', 'BOGOTA', 'ARTES', NULL, 'ESPECIALIZACION'),
('472', 'ARTE Y ARQUITECTURA', 'BOGOTA', 'ARTES', 'INVESTIGACION', 'DOCTORADO'),
('519', 'BIOCIENCIAS Y DERECHO', 'BOGOTA', 'DERECHO, CIENCIAS POLITICAS Y SOCIALES', 'INVESTIGACION-PROFUNDIZACION', 'MAESTRIA'),
('521', 'COMUNICACIÓN Y MEDIOS', 'BOGOTA', 'CIENCIAS HUMANAS', 'INVESTIGACION', 'MAESTRIA'),
('522', 'ACCION SIN DAÑO Y CONSTRUCCION DE PAZ', 'BOGOTA', 'CIENCIAS HUMANAS', NULL, 'ESPECIALIZACION'),
('523', 'ECOLOGIA', 'MEDELLIN', 'CIENCIAS AGRARIAS', 'INVESTIGACION', 'DOCTORADO'),
('524', 'FINANZAS CORPORATIVAS', 'MANIZALES', 'ADMINISTRACION', NULL, 'ESPECIALIZACION'),
('525', 'DESARROLLO DEL MARKETING CORPORATIVO', 'MANIZALES', 'ADMINISTRACION', NULL, 'ESPECIALIZACION'),
('509', 'GEOGRAFIA', 'BOGOTA', 'CIENCIAS HUMANAS', 'INVESTIGACION', 'MAESTRIA'),
('510', 'GEOGRAFIA', 'BOGOTA', 'CIENCIAS HUMANAS', 'INVESTIGACION', 'DOCTORADO'),
('511', 'INGENIERIA - CIENCIA Y TECNOLOGIA DE MATERIALES', 'BOGOTA', 'INGENIERIA', 'INVESTIGACION', 'DOCTORADO'),
('512', 'TRABAJO SOCIAL', 'BOGOTA', 'CIENCIAS HUMANAS', 'INVESTIGACION', 'MAESTRIA'),
('513', 'MERCADOS Y POLITICAS DE SUELO EN AMERICA LATINA', 'BOGOTA', 'DERECHO, CIENCIAS POLITICAS Y SOCIALES', NULL, 'ESPECIALIZACION'),
('514', 'CUIDADO INTENSIVO PEDIATRICO', 'BOGOTA', 'MEDICINA', NULL, 'ESPECIALIDAD'),
('515', 'ESTUDIOS POLITICOS Y RELACIONES INTERNACIONALES', 'BOGOTA', 'DERECHO, CIENCIAS POLITICAS Y SOCIALES', 'INVESTIGACION', 'DOCTORADO'),
('516', 'ANALISIS ESPACIAL', 'BOGOTA', 'CIENCIAS HUMANAS', NULL, 'ESPECIALIZACION'),
('517', 'CIENCIAS - MATEMATICA APLICADA', 'MANIZALES', 'CIENCIAS EXACTAS Y NATURALES', 'INVESTIGACION', 'MAESTRIA'),
('500', 'FISICA MEDICA', 'BOGOTA', 'CIENCIAS', 'PROFUNDIZACION', 'MAESTRIA'),
('195', 'GESTION DE REDES Y DATOS', 'MANIZALES', 'ADMINISTRACION', NULL, 'ESPECIALIZACION'),
('426', 'DISEÑO URBANO', 'BOGOTA', 'ARTES', NULL, 'ESPECIALIZACION'),
('431', 'ESTUDIOS AMAZONICOS', 'AMAZONIA', 'AMAZONIA', NULL, 'ESPECIALIZACION'),
('432', 'GESTION EMPRESARIAL', 'MEDELLIN', 'MINAS', NULL, 'ESPECIALIZACION'),
('433', 'DISEÑO DE MULTIMEDIA', 'MEDELLIN', 'ARQUITECTURA', NULL, 'ESPECIALIZACION'),
('435', 'FILOSOFIA POLITICA', 'BOGOTA', 'CIENCIAS HUMANAS', NULL, 'ESPECIALIZACION'),
('436', 'FILOSOFIA DE LA MENTE', 'BOGOTA', 'CIENCIAS HUMANAS', NULL, 'ESPECIALIZACION'),
('437', 'TEORIA ETICA', 'BOGOTA', 'CIENCIAS HUMANAS', NULL, 'ESPECIALIZACION'),
('438', 'ANALISIS DE POLITICAS PUBLICAS', 'BOGOTA', 'DERECHO, CIENCIAS POLITICAS Y SOCIALES', NULL, 'ESPECIALIZACION'),
('503', 'MEDICINA ALTERNATIVA', 'BOGOTA', 'MEDICINA', 'PROFUNDIZACION', 'MAESTRIA'),
('203', 'INGENIERIA AMBIENTAL - AREA SANITARIA', 'MANIZALES', 'INGENIERIA Y ARQUITECTURA', NULL, 'ESPECIALIZACION'),
('440', 'CIENCIA Y TECNOLOGIA COSMETICA', 'BOGOTA', 'CIENCIAS', NULL, 'ESPECIALIZACION'),
('444', 'NUTRICION ANIMAL', 'MEDELLIN', 'CIENCIAS AGRARIAS', NULL, 'ESPECIALIZACION'),
('445', 'ESTUDIOS LITERARIOS', 'BOGOTA', 'CIENCIAS HUMANAS', 'INVESTIGACION', 'MAESTRIA'),
('446', 'GERIATRIA (SIA 2723 - MF 2597 - MI 2617)', 'BOGOTA', 'MEDICINA', NULL, 'ESPECIALIDAD'),
('447', 'EPIDEMIOLOGIA CLINICA', 'BOGOTA', 'MEDICINA', 'INVESTIGACION', 'MAESTRIA'),
('448', 'INGENIERIA - INGENIERIA QUIMICA', 'MANIZALES', 'INGENIERIA Y ARQUITECTURA', 'INVESTIGACION', 'MAESTRIA'),
('449', 'ESTUDIOS CULTURALES', 'BOGOTA', 'CIENCIAS HUMANAS', 'INVESTIGACION', 'MAESTRIA'),
('425', 'GEOMATICA', 'BOGOTA', 'CIENCIAS AGRARIAS', 'INVESTIGACION', 'MAESTRIA'),
('450', 'CIENCIAS AGRARIAS (CIENCIAS AGROPECUARIAS - AREA AGRARIA)', 'MEDELLIN', 'CIENCIAS AGRARIAS', 'INVESTIGACION', 'DOCTORADO'),
('452', 'EDUCACION ARTISTICA INTEGRAL', 'BOGOTA', 'ARTES', NULL, 'ESPECIALIZACION'),
('454', 'ILUMINACION PUBLICA Y PRIVADA', 'BOGOTA', 'INGENIERIA', NULL, 'ESPECIALIZACION'),
('457', 'DIRECCION DE PRODUCCION Y OPERACIONES', 'MANIZALES', 'INGENIERIA Y ARQUITECTURA', NULL, 'ESPECIALIZACION'),
('422', 'MERCADOS DE ENERGIA', 'MEDELLIN', 'MINAS', NULL, 'ESPECIALIZACION'),
('568', 'CIENCIAS - BIOLOGIA', 'CARIBE', 'CARIBE', 'INVESTIGACION', 'DOCTORADO'),
('458', 'PEDAGOGIA DEL PIANO', 'BOGOTA', 'ARTES', 'PROFUNDIZACION', 'MAESTRIA'),
('459', 'INGENIERIA - INFRAESTRUCTURA Y SISTEMAS DE TRANSPORTE', 'MEDELLIN', 'MINAS', 'INVESTIGACION', 'MAESTRIA'),
('460', 'INGENIERIA - INGENIERIA ELECTRICA', 'BOGOTA', 'INGENIERIA', 'INVESTIGACION', 'DOCTORADO'),
('461', 'INGENIERIA - INGENIERIA QUIMICA', 'BOGOTA', 'INGENIERIA', 'INVESTIGACION', 'DOCTORADO'),
('462', 'INGENIERIA - GEOTECNIA', 'BOGOTA', 'INGENIERIA', 'INVESTIGACION', 'DOCTORADO'),
('463', 'INGENIERIA - RECURSOS HIDRAULICOS', 'MEDELLIN', 'MINAS', 'INVESTIGACION', 'DOCTORADO'),
('464', 'INGENIERIA - SISTEMAS', 'MEDELLIN', 'MINAS', 'INVESTIGACION', 'DOCTORADO'),
('465', 'INGENIERIA - SISTEMAS ENERGETICOS', 'MEDELLIN', 'MINAS', 'INVESTIGACION', 'DOCTORADO'),
('416', 'DISCAPACIDAD E INCLUSION SOCIAL', 'BOGOTA', 'MEDICINA', 'INVESTIGACION', 'MAESTRIA'),
('467', 'CULTIVOS PERENNES INDUSTRIALES', 'BOGOTA', 'CIENCIAS AGRARIAS', NULL, 'ESPECIALIZACION'),
('468', 'CIENCIAS - ESTADISTICA', 'MEDELLIN', 'CIENCIAS', 'INVESTIGACION', 'DOCTORADO'),
('393', 'ENFERMERIA', 'BOGOTA', 'ENFERMERIA', 'INVESTIGACION', 'DOCTORADO'),
('473', 'BIOTECNOLOGIA', 'BOGOTA', 'CIENCIAS', 'INVESTIGACION', 'DOCTORADO'),
('474', 'ESCRITURAS CREATIVAS', 'BOGOTA', 'ARTES', 'PROFUNDIZACION', 'MAESTRIA'),
('148', 'RADIOLOGIA E IMAGENES DIAGNOSTICAS', 'BOGOTA', 'MEDICINA', NULL, 'ESPECIALIDAD'),
('149', 'OBSTETRICIA Y GINECOLOGIA', 'BOGOTA', 'MEDICINA', NULL, 'ESPECIALIDAD'),
('150', 'PEDIATRIA', 'BOGOTA', 'MEDICINA', NULL, 'ESPECIALIDAD'),
('153', 'ENDOCRINOLOGIA (G242-I133))', 'BOGOTA', 'MEDICINA', NULL, 'ESPECIALIDAD'),
('154', 'NEUMOLOGIA CLINICA (I)', 'BOGOTA', 'MEDICINA', NULL, 'ESPECIALIDAD'),
('158', 'PERINATOLOGIA Y NEONATOLOGIA', 'BOGOTA', 'MEDICINA', NULL, 'ESPECIALIDAD'),
('159', 'GENETICA HUMANA', 'BOGOTA', 'MEDICINA', 'INVESTIGACION', 'MAESTRIA'),
('161', 'SALUD ANIMAL O PRODUCCION ANIMAL', 'BOGOTA', 'MEDICINA VETERINARIA Y ZOOTECNIA', 'INVESTIGACION', 'MAESTRIA'),
('173', 'CIENCIAS - FISICA', 'MEDELLIN', 'CIENCIAS', 'INVESTIGACION', 'MAESTRIA'),
('175', 'CIENCIAS - ESTADISTICA', 'MEDELLIN', 'CIENCIAS', 'INVESTIGACION', 'MAESTRIA'),
('176', 'CIENCIAS - MATEMATICAS', 'MEDELLIN', 'CIENCIAS', 'INVESTIGACION', 'DOCTORADO'),
('179', 'CIENCIAS AGRARIAS', 'MEDELLIN', 'CIENCIAS AGRARIAS', 'INVESTIGACION', 'MAESTRIA'),
('182', 'CIENCIAS ECONOMICAS', 'MEDELLIN', 'CIENCIAS HUMANAS Y ECONOMICAS', 'INVESTIGACION', 'MAESTRIA'),
('185', 'HISTORIA', 'MEDELLIN', 'CIENCIAS HUMANAS Y ECONOMICAS', 'INVESTIGACION', 'DOCTORADO'),
('189', 'APROVECHAMIENTO DE RECURSOS HIDRAULICOS', 'MEDELLIN', 'MINAS', NULL, 'ESPECIALIZACION'),
('190', 'ESTRUCTURAS', 'MEDELLIN', 'MINAS', NULL, 'ESPECIALIZACION'),
('191', 'INGENIERIA - RECURSOS HIDRAULICOS', 'MEDELLIN', 'MINAS', 'INVESTIGACION', 'MAESTRIA'),
('211', 'CIENCIAS AGRARIAS (CIENCIAS AGROPECUARIAS - AREA AGRARIA)', 'PALMIRA', 'CIENCIAS AGROPECUARIAS', 'INVESTIGACION', 'DOCTORADO'),
('212', 'CIENCIA Y TECNOLOGIA DE ALIMENTOS', 'BOGOTA', 'CIENCIAS', NULL, 'ESPECIALIZACION'),
('229', 'SALUD FAMILIAR INTEGRAL', 'BOGOTA', 'ENFERMERIA', NULL, 'ESPECIALIZACION'),
('235', 'BIOQUIMICA', 'BOGOTA', 'MEDICINA', 'INVESTIGACION', 'MAESTRIA'),
('236', 'CIENCIAS - FISICA', 'MANIZALES', 'CIENCIAS EXACTAS Y NATURALES', 'INVESTIGACION', 'MAESTRIA'),
('238', 'CIENCIAS - METEOROLOGIA', 'BOGOTA', 'CIENCIAS', 'INVESTIGACION', 'MAESTRIA'),
('239', 'GESTION AMBIENTAL', 'MEDELLIN', 'MINAS', NULL, 'ESPECIALIZACION'),
('240', 'CIENCIAS - BIOTECNOLOGIA', 'MEDELLIN', 'CIENCIAS', 'INVESTIGACION', 'MAESTRIA'),
('241', 'FISIOLOGIA', 'BOGOTA', 'MEDICINA', 'INVESTIGACION-PROFUNDIZACION', 'MAESTRIA'),
('427', 'CIENCIAS - MATEMATICA APLICADA', 'BOGOTA', 'CIENCIAS', 'INVESTIGACION', 'MAESTRIA'),
('250', 'ESTUDIOS DE GENERO', 'BOGOTA', 'CIENCIAS HUMANAS', 'INVESTIGACION', 'MAESTRIA'),
('247', 'INFECCIONES Y SALUD EN EL TROPICO', 'BOGOTA', 'MEDICINA', 'INVESTIGACION', 'MAESTRIA'),
('269', 'DERECHO', 'BOGOTA', 'DERECHO, CIENCIAS POLITICAS Y SOCIALES', 'INVESTIGACION-PROFUNDIZACION', 'MAESTRIA'),
('270', 'CIENCIAS - GEOMORFOLOGIA Y SUELOS', 'MEDELLIN', 'CIENCIAS', 'INVESTIGACION-PROFUNDIZACION', 'MAESTRIA'),
('272', 'MEDIO AMBIENTE Y DESARROLLO', 'BOGOTA', 'CIENCIAS ECONOMICAS', 'INVESTIGACION-PROFUNDIZACION', 'MAESTRIA'),
('216', 'CIENCIAS - BIOQUIMICA', 'BOGOTA', 'CIENCIAS', 'INVESTIGACION', 'MAESTRIA'),
('260', 'INGENIERIA - INGENIERIA QUIMICA', 'BOGOTA', 'INGENIERIA', 'INVESTIGACION-PROFUNDIZACION', 'MAESTRIA'),
('116', 'ENFERMERIA', 'BOGOTA', 'ENFERMERIA', 'INVESTIGACION', 'MAESTRIA'),
('101', 'HISTORIA', 'BOGOTA', 'CIENCIAS HUMANAS', 'INVESTIGACION', 'MAESTRIA'),
('97', 'CIENCIAS ECONOMICAS', 'BOGOTA', 'CIENCIAS ECONOMICAS', 'INVESTIGACION-PROFUNDIZACION', 'MAESTRIA'),
('276', 'CIENCIAS - GEOFISICA', 'BOGOTA', 'CIENCIAS', 'INVESTIGACION', 'MAESTRIA'),
('88', 'CIENCIAS - FISICA', 'BOGOTA', 'CIENCIAS', 'INVESTIGACION-PROFUNDIZACION', 'MAESTRIA'),
('78', 'URBANISMO', 'BOGOTA', 'ARTES', 'INVESTIGACION-PROFUNDIZACION', 'MAESTRIA'),
('210', 'CIENCIAS AGRARIAS', 'PALMIRA', 'CIENCIAS AGROPECUARIAS', 'INVESTIGACION', 'MAESTRIA'),
('178', 'BOSQUES Y CONSERVACION AMBIENTAL', 'MEDELLIN', 'CIENCIAS AGRARIAS', 'INVESTIGACION', 'MAESTRIA'),
('121', 'INGENIERIA AMBIENTAL - AREA SANITARIA', 'BOGOTA', 'INGENIERIA', NULL, 'ESPECIALIZACION'),
('119', 'ESTRUCTURAS', 'BOGOTA', 'INGENIERIA', NULL, 'ESPECIALIZACION'),
('123', 'AUTOMATIZACION INDUSTRIAL', 'BOGOTA', 'INGENIERIA', NULL, 'ESPECIALIZACION'),
('181', 'ECONOMIA INTERNACIONAL', 'MEDELLIN', 'CIENCIAS HUMANAS Y ECONOMICAS', NULL, 'ESPECIALIZACION'),
('167', 'REHABILITACION ORAL', 'BOGOTA', 'ODONTOLOGIA', NULL, 'ESPECIALIDAD'),
('163', 'ESTOMATOLOGIA PEDIATRICA Y ORTOPEDIA MAXILAR', 'BOGOTA', 'ODONTOLOGIA', NULL, 'ESPECIALIDAD'),
('106', 'HISTORIA', 'BOGOTA', 'CIENCIAS HUMANAS', 'INVESTIGACION', 'DOCTORADO'),
('245', 'CIENCIAS ECONOMICAS', 'BOGOTA', 'CIENCIAS ECONOMICAS', 'INVESTIGACION', 'DOCTORADO'),
('151', 'MEDICINA FISICA Y REHABILITACION', 'BOGOTA', 'MEDICINA', NULL, 'ESPECIALIDAD'),
('255', 'MEDICINA FORENSE', 'BOGOTA', 'MEDICINA', NULL, 'ESPECIALIDAD'),
('152', 'GASTROENTEROLOGIA (I137)', 'BOGOTA', 'MEDICINA', NULL, 'ESPECIALIDAD'),
('155', 'CIRUGIA PEDIATRICA', 'BOGOTA', 'MEDICINA', NULL, 'ESPECIALIDAD'),
('565', 'INGENIERIA AGROINDUSTRIAL', 'PALMIRA', 'INGENIERIA Y ADMINISTRACION', 'INVESTIGACION-PROFUNDIZACION', 'MAESTRIA'),
('566', 'INGENIERIA AGROINDUSTRIAL', 'MEDELLIN', 'CIENCIAS AGRARIAS', 'INVESTIGACION-PROFUNDIZACION', 'MAESTRIA'),
('134', 'CIRUGIA GENERAL', 'BOGOTA', 'MEDICINA', NULL, 'ESPECIALIDAD'),
('133', 'ANESTESIOLOGIA Y REANIMACION', 'BOGOTA', 'MEDICINA', NULL, 'ESPECIALIDAD'),
('107', 'DERECHO DEL TRABAJO', 'BOGOTA', 'DERECHO, CIENCIAS POLITICAS Y SOCIALES', NULL, 'ESPECIALIZACION'),
('111', 'DERECHO PRIVADO ECONOMICO', 'BOGOTA', 'DERECHO, CIENCIAS POLITICAS Y SOCIALES', NULL, 'ESPECIALIZACION'),
('99', 'ANTROPOLOGIA FORENSE', 'BOGOTA', 'CIENCIAS HUMANAS', NULL, 'ESPECIALIZACION'),
('169', 'ESTUDIOS URBANO - REGIONALES', 'MEDELLIN', 'ARQUITECTURA', 'INVESTIGACION-PROFUNDIZACION', 'MAESTRIA'),
('82', 'CIENCIAS FISICA', 'BOGOTA', 'CIENCIAS', NULL, 'ESPECIALIZACION'),
('91', 'CIENCIAS - QUIMICA', 'BOGOTA', 'CIENCIAS', 'INVESTIGACION', 'DOCTORADO'),
('92', 'CIENCIAS - FISICA', 'BOGOTA', 'CIENCIAS', 'INVESTIGACION', 'DOCTORADO'),
('183', 'HISTORIA', 'MEDELLIN', 'CIENCIAS HUMANAS Y ECONOMICAS', 'INVESTIGACION', 'MAESTRIA'),
('77', 'HISTORIA Y TEORIA DEL ARTE, LA ARQUITECTURA Y LA CIUDAD', 'BOGOTA', 'ARTES', 'INVESTIGACION', 'MAESTRIA'),
('193', 'INGENIERIA - INGENIERIA DE SISTEMAS', 'MEDELLIN', 'MINAS', 'INVESTIGACION-PROFUNDIZACION', 'MAESTRIA'),
('186', 'SISTEMAS', 'MEDELLIN', 'MINAS', NULL, 'ESPECIALIZACION'),
('171', 'ESTADISTICA', 'MEDELLIN', 'CIENCIAS', NULL, 'ESPECIALIZACION'),
('215', 'CIENCIAS - MICROBIOLOGIA', 'BOGOTA', 'CIENCIAS', 'INVESTIGACION', 'MAESTRIA'),
('156', 'ONCOHEMATOLOGIA PEDIATRICA', 'BOGOTA', 'MEDICINA', NULL, 'ESPECIALIDAD'),
('166', 'CIRUGIA ORAL Y MAXILOFACIAL', 'BOGOTA', 'ODONTOLOGIA', NULL, 'ESPECIALIDAD'),
('187', 'INGENIERIA - MATERIALES Y PROCESOS', 'MEDELLIN', 'MINAS', NULL, 'ESPECIALIZACION'),
('218', 'ENTOMOLOGIA', 'MEDELLIN', 'CIENCIAS', NULL, 'ESPECIALIZACION'),
('220', 'CIENCIAS - ENTOMOLOGIA', 'MEDELLIN', 'CIENCIAS', 'INVESTIGACION', 'MAESTRIA'),
('157', 'HEMATOLOGIA', 'BOGOTA', 'MEDICINA', NULL, 'ESPECIALIDAD'),
('84', 'ACTUARIA', 'BOGOTA', 'CIENCIAS', NULL, 'ESPECIALIZACION'),
('417', 'MEDICINA AEROESPACIAL', 'BOGOTA', 'MEDICINA', NULL, 'ESPECIALIDAD'),
('184', 'ESTETICA', 'MEDELLIN', 'CIENCIAS HUMANAS Y ECONOMICAS', 'INVESTIGACION', 'MAESTRIA'),
('188', 'VIAS Y TRANSPORTE', 'MEDELLIN', 'MINAS', NULL, 'ESPECIALIZACION'),
('132', 'INGENIERIA - AUTOMATIZACION INDUSTRIAL', 'BOGOTA', 'INGENIERIA', 'INVESTIGACION-PROFUNDIZACION', 'MAESTRIA'),
('217', 'ESTUDIOS POLITICOS', 'BOGOTA', 'CIENCIAS ECONOMICAS', 'INVESTIGACION', 'MAESTRIA'),
('251', 'ESTUDIOS FEMINISTAS Y DE GENERO', 'BOGOTA', 'CIENCIAS HUMANAS', NULL, 'ESPECIALIZACION'),
('253', 'CONSTRUCCION', 'BOGOTA', 'ARTES', 'INVESTIGACION', 'MAESTRIA'),
('252', 'CIENCIA POLITICA', 'MEDELLIN', 'CIENCIAS HUMANAS Y ECONOMICAS', NULL, 'ESPECIALIZACION'),
('112', 'ENFERMERIA CARDIORESPIRATORIA', 'BOGOTA', 'ENFERMERIA', NULL, 'ESPECIALIZACION'),
('164', 'ORTODONCIA Y ORTOPEDIA MAXILAR', 'BOGOTA', 'ODONTOLOGIA', NULL, 'ESPECIALIDAD'),
('90', 'CIENCIAS - BIOLOGIA', 'BOGOTA', 'CIENCIAS', 'INVESTIGACION', 'MAESTRIA'),
('89', 'CIENCIAS - ESTADISTICA', 'BOGOTA', 'CIENCIAS', 'INVESTIGACION', 'MAESTRIA'),
('160', 'SALUD PUBLICA', 'BOGOTA', 'MEDICINA', 'INVESTIGACION-PROFUNDIZACION', 'MAESTRIA'),
('214', 'CIENCIAS - FARMACOLOGIA', 'BOGOTA', 'CIENCIAS', 'INVESTIGACION-PROFUNDIZACION', 'MAESTRIA'),
('87', 'CIENCIAS - QUIMICA', 'BOGOTA', 'CIENCIAS', 'INVESTIGACION', 'MAESTRIA'),
('174', 'CIENCIAS - MATEMATICAS', 'MEDELLIN', 'CIENCIAS', 'INVESTIGACION-PROFUNDIZACION', 'MAESTRIA'),
('80', 'ESTADISTICA', 'BOGOTA', 'CIENCIAS', NULL, 'ESPECIALIZACION'),
('168', 'PLANEACION URBANO - REGIONAL', 'MEDELLIN', 'ARQUITECTURA', NULL, 'ESPECIALIZACION'),
('86', 'CIENCIAS - MATEMATICAS', 'BOGOTA', 'CIENCIAS', 'PROFUNDIZACION', 'MAESTRIA'),
('347', 'CIENCIAS - ESTADISTICA', 'BOGOTA', 'CIENCIAS', 'INVESTIGACION', 'DOCTORADO'),
('349', 'INSTITUCIONES JURIDICO - PROCESALES', 'BOGOTA', 'DERECHO, CIENCIAS POLITICAS Y SOCIALES', NULL, 'ESPECIALIZACION'),
('350', 'BIOTECNOLOGIA', 'MEDELLIN', 'CIENCIAS', NULL, 'ESPECIALIZACION'),
('351', 'TOXICOLOGIA', 'BOGOTA', 'MEDICINA', 'INVESTIGACION-PROFUNDIZACION', 'MAESTRIA'),
('292', 'INSTITUCIONES JURIDICAS DE LA SEGURIDAD SOCIAL', 'BOGOTA', 'DERECHO, CIENCIAS POLITICAS Y SOCIALES', NULL, 'ESPECIALIZACION'),
('293', 'DERECHO CONSTITUCIONAL', 'BOGOTA', 'DERECHO, CIENCIAS POLITICAS Y SOCIALES', NULL, 'ESPECIALIZACION'),
('227', 'ADMINISTRACION', 'BOGOTA', 'CIENCIAS ECONOMICAS', 'INVESTIGACION-PROFUNDIZACION', 'MAESTRIA'),
('262', 'CIENCIAS - SALUD ANIMAL O PRODUCCION ANIMAL', 'BOGOTA', 'MEDICINA VETERINARIA Y ZOOTECNIA', 'INVESTIGACION', 'DOCTORADO'),
('108', 'DERECHO ADMINISTRATIVO', 'BOGOTA', 'DERECHO, CIENCIAS POLITICAS Y SOCIALES', NULL, 'ESPECIALIZACION'),
('142', 'NEUROLOGIA CLINICA', 'BOGOTA', 'MEDICINA', NULL, 'ESPECIALIDAD'),
('352', 'ANATOMOPATOLOGIA VETERINARIA', 'BOGOTA', 'MEDICINA VETERINARIA Y ZOOTECNIA', NULL, 'ESPECIALIDAD'),
('353', 'ESTUDIOS DEL CARIBE', 'CARIBE', 'CARIBE', 'INVESTIGACION', 'MAESTRIA'),
('355', 'CIENCIAS - BIOLOGIA', 'BOGOTA', 'CIENCIAS', 'INVESTIGACION', 'DOCTORADO'),
('290', 'CIENCIAS - QUIMICA', 'MEDELLIN', 'CIENCIAS', 'INVESTIGACION', 'MAESTRIA'),
('109', 'INSTITUCIONES JURIDICO - PENALES', 'BOGOTA', 'DERECHO, CIENCIAS POLITICAS Y SOCIALES', NULL, 'ESPECIALIZACION'),
('364', 'NEUROPEDIATRIA', 'BOGOTA', 'MEDICINA', NULL, 'ESPECIALIDAD'),
('365', 'INGENIERIA FINANCIERA', 'MEDELLIN', 'MINAS', NULL, 'ESPECIALIZACION'),
('367', 'INGENIERIA - INGENIERIA QUIMICA', 'MEDELLIN', 'MINAS', 'INVESTIGACION-PROFUNDIZACION', 'MAESTRIA'),
('371', 'ARTES PLASTICAS Y VISUALES', 'BOGOTA', 'ARTES', 'INVESTIGACION', 'MAESTRIA'),
('372', 'CIENCIAS - GEOLOGIA', 'BOGOTA', 'CIENCIAS', 'INVESTIGACION', 'MAESTRIA'),
('380', 'CIENCIAS BIOLOGICAS (CIENCIAS ENFASIS RECURSOS FITOGENETICOS NEOTROPICALES)', 'PALMIRA', 'CIENCIAS AGROPECUARIAS', 'INVESTIGACION', 'MAESTRIA'),
('376', 'HABITAT', 'MEDELLIN', 'ARQUITECTURA', 'INVESTIGACION', 'MAESTRIA'),
('383', 'INGENIERIA - AUTOMATIZACION INDUSTRIAL', 'MANIZALES', 'INGENIERIA Y ARQUITECTURA', 'INVESTIGACION', 'MAESTRIA'),
('381', 'ESTUDIOS AMAZONICOS', 'AMAZONIA', 'AMAZONIA', 'INVESTIGACION', 'MAESTRIA'),
('382', 'INGENIERIA - TELECOMUNICACIONES', 'BOGOTA', 'INGENIERIA', 'INVESTIGACION-PROFUNDIZACION', 'MAESTRIA'),
('386', 'PSICOLOGIA', 'BOGOTA', 'CIENCIAS HUMANAS', 'INVESTIGACION-PROFUNDIZACION', 'MAESTRIA'),
('387', 'INGENIERIA - MATERIALES Y PROCESOS', 'MEDELLIN', 'MINAS', 'INVESTIGACION', 'MAESTRIA'),
('388', 'CIENCIAS FARMACEUTICAS', 'BOGOTA', 'CIENCIAS', 'INVESTIGACION-PROFUNDIZACION', 'MAESTRIA'),
('389', 'MEDIO AMBIENTE Y DESARROLLO', 'MEDELLIN', 'MINAS', 'INVESTIGACION', 'MAESTRIA'),
('391', 'CIENCIAS FARMACEUTICAS', 'BOGOTA', 'CIENCIAS', 'INVESTIGACION', 'DOCTORADO'),
('395', 'INGENIERIA - GEOTECNIA', 'MEDELLIN', 'MINAS', 'INVESTIGACION', 'MAESTRIA'),
('396', 'ARQUITECTURA', 'BOGOTA', 'ARTES', 'INVESTIGACION-PROFUNDIZACION', 'MAESTRIA'),
('399', 'DISEÑO DE MULTIMEDIA', 'BOGOTA', 'ARTES', NULL, 'ESPECIALIZACION'),
('404', 'MEDIO AMBIENTE Y DESARROLLO', 'MANIZALES', 'INGENIERIA Y ARQUITECTURA', 'INVESTIGACION', 'MAESTRIA'),
('418', 'INGENIERIA - INGENIERIA AGRICOLA', 'BOGOTA', 'INGENIERIA', 'INVESTIGACION-PROFUNDIZACION', 'MAESTRIA'),
('419', 'ADMINISTRACION', 'MANIZALES', 'ADMINISTRACION', 'INVESTIGACION-PROFUNDIZACION', 'MAESTRIA'),
('420', 'CIENCIAS - ASTRONOMIA', 'BOGOTA', 'CIENCIAS', 'INVESTIGACION', 'MAESTRIA'),
('428', 'INGENIERIA - AUTOMATICA', 'MANIZALES', 'INGENIERIA Y ARQUITECTURA', 'INVESTIGACION', 'DOCTORADO'),
('430', 'GESTION INMOBILIARIA', 'MEDELLIN', 'ARQUITECTURA', NULL, 'ESPECIALIZACION'),
('469', 'INGENIERIA - CIENCIA Y TECNOLOGIA DE MATERIALES', 'MEDELLIN', 'MINAS', 'INVESTIGACION', 'DOCTORADO'),
('470', 'INGENIERIA ADMINISTRATIVA', 'MEDELLIN', 'MINAS', 'INVESTIGACION-PROFUNDIZACION', 'MAESTRIA'),
('475', 'DIRECCION SINFONICA', 'BOGOTA', 'ARTES', 'PROFUNDIZACION', 'MAESTRIA'),
('476', 'ALIMENTACION Y NUTRICION EN PROMOCION DE LA SALUD', 'BOGOTA', 'MEDICINA', NULL, 'ESPECIALIZACION'),
('477', 'EDUCACION', 'BOGOTA', 'CIENCIAS HUMANAS', 'INVESTIGACION-PROFUNDIZACION', 'MAESTRIA'),
('478', 'PSICOANALISIS, SUBJETIVIDAD Y CULTURA', 'BOGOTA', 'CIENCIAS HUMANAS', 'INVESTIGACION', 'MAESTRIA'),
('479', 'DISEÑO DE MULTIMEDIA', 'BOGOTA', 'ARTES', 'PROFUNDIZACION', 'MAESTRIA'),
('480', 'CIENCIA Y TECNOLOGIA DE ALIMENTOS', 'MEDELLIN', 'CIENCIAS AGRARIAS', 'INVESTIGACION', 'MAESTRIA'),
('481', 'SALUD Y SEGURIDAD EN EL TRABAJO', 'BOGOTA', 'ENFERMERIA', 'INVESTIGACION-PROFUNDIZACION', 'MAESTRIA'),
('482', 'CONSERVACION DEL PATRIMONIO CULTURAL INMUEBLE', 'BOGOTA', 'ARTES', 'INVESTIGACION-PROFUNDIZACION', 'MAESTRIA'),
('483', 'DISEÑO URBANO', 'BOGOTA', 'ARTES', 'PROFUNDIZACION', 'MAESTRIA'),
('485', 'ARQUITECTURA DE LA VIVIENDA', 'BOGOTA', 'ARTES', 'PROFUNDIZACION', 'MAESTRIA'),
('486', 'INTERDISCIPLINARIA TEATRO Y ARTES VIVAS', 'BOGOTA', 'ARTES', 'INVESTIGACION', 'MAESTRIA'),
('487', 'MUSEOLOGIA Y GESTION DEL PATRIMONIO', 'BOGOTA', 'ARTES', 'PROFUNDIZACION', 'MAESTRIA'),
('488', 'ORDENAMIENTO URBANO-REGIONAL', 'BOGOTA', 'ARTES', 'PROFUNDIZACION', 'MAESTRIA'),
('489', 'INSTRUMENTOS DE ORDENAMIENTO URBANO-REGIONAL', 'BOGOTA', 'ARTES', NULL, 'ESPECIALIZACION'),
('490', 'MUSICOTERAPIA', 'BOGOTA', 'ARTES', 'PROFUNDIZACION', 'MAESTRIA'),
('491', 'FOTOGRAFIA', 'BOGOTA', 'ARTES', NULL, 'ESPECIALIZACION'),
('492', 'INGENIERIA BIOMEDICA', 'BOGOTA', 'MEDICINA', 'INVESTIGACION', 'MAESTRIA'),
('493', 'INGENIERIA - SISTEMAS Y COMPUTACION', 'BOGOTA', 'INGENIERIA', 'INVESTIGACION', 'DOCTORADO'),
('494', 'INGENIERIA MECANICA', 'BOGOTA', 'INGENIERIA', 'INVESTIGACION-PROFUNDIZACION', 'MAESTRIA'),
('495', 'INGENIERIA INDUSTRIAL', 'BOGOTA', 'INGENIERIA', 'INVESTIGACION-PROFUNDIZACION', 'MAESTRIA'),
('497', 'CIENCIAS BIOMEDICAS', 'BOGOTA', 'MEDICINA', 'INVESTIGACION', 'DOCTORADO'),
('499', 'PATOLOGIA DE LA EDIFICACION Y TECNICAS DE INTERVENCION Y PREVENCION', 'MEDELLIN', 'ARQUITECTURA', NULL, 'ESPECIALIZACION'),
('496', 'INTERVENTORIA DE PROYECTOS Y OBRAS', 'MEDELLIN', 'ARQUITECTURA', NULL, 'ESPECIALIZACION'),
('501', 'NEUROCIENCIAS', 'BOGOTA', 'MEDICINA', 'INVESTIGACION', 'MAESTRIA'),
('502', 'INGENIERIA FINANCIERA', 'MANIZALES', 'ADMINISTRACION', NULL, 'ESPECIALIZACION'),
('504', 'DIVULGACION Y APROPIACION DE LAS CIENCIAS Y LAS TECNICAS', 'MEDELLIN', 'CIENCIAS HUMANAS Y ECONOMICAS', NULL, 'ESPECIALIZACION'),
('505', 'DISEÑO Y DESARROLLO DE PRODUCTO', 'BOGOTA', 'ARTES', NULL, 'ESPECIALIZACION'),
('506', 'PEDAGOGIA DEL DISEÑO', 'BOGOTA', 'ARTES', NULL, 'ESPECIALIZACION'),
('507', 'OPERATORIA DENTAL ESTETICA', 'BOGOTA', 'ODONTOLOGIA', NULL, 'ESPECIALIZACION'),
('508', 'TRANSITO, DISEÑO Y SEGURIDAD VIAL', 'BOGOTA', 'INGENIERIA', NULL, 'ESPECIALIZACION'),
('518', 'ESTUDIOS SOCIALES DE LA CIENCIA', 'BOGOTA', 'CIENCIAS HUMANAS', 'INVESTIGACION-PROFUNDIZACION', 'MAESTRIA'),
('549', 'ESTUDIOS POLITICOS LATINOAMERICANOS', 'BOGOTA', 'DERECHO, CIENCIAS POLITICAS Y SOCIALES', 'INVESTIGACION-PROFUNDIZACION', 'MAESTRIA'),
('551', 'CIENCIA Y TECNOLOGIA DE ALIMENTOS', 'BOGOTA', 'CIENCIAS', 'INVESTIGACION', 'MAESTRIA'),
('550', 'POLITICAS PUBLICAS', 'BOGOTA', 'DERECHO, CIENCIAS POLITICAS Y SOCIALES', 'INVESTIGACION-PROFUNDIZACION', 'MAESTRIA'),
('552', 'CIENCIAS DEL MAR', 'MEDELLIN', 'MINAS', 'INVESTIGACION', 'DOCTORADO'),
('553', 'INGENIERIA MECANICA', 'MEDELLIN', 'MINAS', 'INVESTIGACION-PROFUNDIZACION', 'MAESTRIA'),
('564', 'ERGONOMIA', 'PALMIRA', 'INGENIERIA Y ADMINISTRACION', NULL, 'ESPECIALIZACION'),
('571', 'CONSTRUCCION', 'MEDELLIN', 'ARQUITECTURA', 'INVESTIGACION-PROFUNDIZACION', 'MAESTRIA'),
('572', 'INGENIERIA - INGENIERIA ELECTRICA', 'MEDELLIN', 'MINAS', 'INVESTIGACION-PROFUNDIZACION', 'MAESTRIA'),
('573', 'ESTUDIOS AMAZONICOS', 'AMAZONIA', 'AMAZONIA', 'INVESTIGACION', 'DOCTORADO'),
('586', 'INGENIERIA - RECURSO MINERALES', 'MEDELLIN', 'MINAS', 'INVESTIGACION-PROFUNDIZACION', 'MAESTRIA'),
('587', 'BIOINFORMATICA', 'BOGOTA', 'INGENIERIA', 'INVESTIGACION-PROFUNDIZACION', 'MAESTRIA');

-- --------------------------------------------------------

--
-- Estructura de tabla para la tabla `programa`
--

CREATE TABLE IF NOT EXISTS `programa` (
  `id_programa` int(11) NOT NULL,
  `nombre_programa` varchar(100) COLLATE utf8_spanish_ci NOT NULL,
  `id_facultad` int(10) unsigned NOT NULL,
  `id_sede` int(10) unsigned NOT NULL,
  `id_nivel` int(2) unsigned NOT NULL,
  `anho_creacion` int(4) unsigned NOT NULL,
  `activo` int(1) unsigned NOT NULL,
  `cerrado` tinyint(4) DEFAULT '0',
  `fecha_cierre` date DEFAULT NULL,
  `id_uab` int(11) DEFAULT NULL,
  `is_beca` int(11) DEFAULT '0',
  `beneficiados` int(11) DEFAULT '0',
  PRIMARY KEY (`id_programa`),
  KEY `activo` (`activo`),
  KEY `cerrado` (`cerrado`),
  KEY `id_uab` (`id_uab`),
  KEY `id_facultad` (`id_facultad`),
  KEY `id_sede` (`id_sede`),
  KEY `id_nivel` (`id_nivel`)
) ENGINE=InnoDB DEFAULT CHARSET=utf8 COLLATE=utf8_spanish_ci COMMENT='nombre de los programas de posgrados, con facultad y sede';

--
-- Volcar la base de datos para la tabla `programa`
--

INSERT INTO `programa` (`id_programa`, `nombre_programa`, `id_facultad`, `id_sede`, `id_nivel`, `anho_creacion`, `activo`, `cerrado`, `fecha_cierre`, `id_uab`, `is_beca`, `beneficiados`) VALUES
(75, 'Maestría en Ciencias Agrarias', 1, 2, 2, 1994, 1, 1, '2014-06-30', 2523, 0, 0),
(76, 'Doctorado en Ciencias Agrarias', 1, 2, 1, 1995, 1, 1, '2014-06-30', 2523, 1, 6),
(77, 'Maestría en Historia y Teoría del Arte, la Arquitectura y la Ciudad', 2, 2, 2, 1988, 1, 1, '2014-06-30', 2537, 0, 0),
(78, 'Maestría en Urbanismo', 2, 2, 2, 1990, 1, 1, '2014-06-30', 2537, 0, 0),
(80, 'Especialización en Estadística', 3, 2, 4, 1990, 1, 0, NULL, 2128, 0, 0),
(82, 'Especialización en Ciencias Físicas', 3, 2, 4, 1984, 1, 0, NULL, 2130, 0, 0),
(84, 'Especialización en Actuaria', 3, 2, 4, 1993, 1, 0, NULL, 2132, 0, 0),
(86, 'Maestría en Ciencias - Matemáticas', 3, 2, 2, 1971, 1, 0, NULL, 2132, 0, 0),
(87, 'Maestría en Ciencias - Química', 3, 2, 2, 1971, 1, 1, NULL, 2133, 0, 0),
(88, 'Maestría en Ciencias - Física', 3, 2, 2, 1971, 1, 1, '2014-06-30', 2130, 0, 0),
(89, 'Maestría en Ciencias - Estadística', 3, 2, 2, 1979, 1, 1, '2014-06-30', 2128, 0, 0),
(90, 'Maestría en Ciencias - Biología', 3, 2, 2, 1989, 1, 1, '2014-06-30', 2127, 0, 0),
(91, 'Doctorado en Ciencias - Química', 3, 2, 1, 1986, 1, 1, NULL, 2133, 1, 9),
(92, 'Doctorado en Ciencias - Física', 3, 2, 1, 1986, 1, 1, '2014-06-30', 2130, 1, 9),
(93, 'Doctorado en Ciencias - Matemáticas', 3, 2, 1, 1993, 1, 1, '2014-06-30', 2132, 1, 5),
(95, 'Especialización en Economía Publica y Gestión Publica', 4, 2, 4, 1995, 0, 0, NULL, NULL, 0, 0),
(96, 'Especialización en Industria y Tecnología', 4, 2, 4, 1995, 0, 0, NULL, NULL, 0, 0),
(97, 'Maestría en Ciencias Económicas', 4, 2, 2, 1994, 1, 1, '2014-06-30', 2560, 0, 0),
(98, 'Especialización en Psicología  y  Salud', 5, 2, 4, 1988, 0, 0, NULL, NULL, 0, 0),
(99, 'Especialización en Antropología Forense', 5, 2, 4, 1994, 1, 0, NULL, 2286, 0, 0),
(100, 'Maestría en Filosofía', 5, 2, 2, 1978, 1, 1, '2011-09-06', 2287, 0, 0),
(101, 'Maestría en Historia', 5, 2, 2, 1983, 1, 1, '2012-02-14', 2289, 0, 0),
(102, 'Maestría en Lingüística', 5, 2, 2, 1983, 1, 1, '2011-09-06', 2290, 0, 0),
(103, 'Maestría en Antropología', 5, 2, 2, 1994, 1, 1, '2012-09-09', 2286, 0, 0),
(104, 'Maestría en Sociología', 5, 2, 2, 1986, 1, 1, '2014-06-30', 2294, 0, 0),
(105, 'Doctorado en Filosofía', 5, 2, 1, 1978, 1, 1, '2011-09-06', 2287, 1, 5),
(106, 'Doctorado en Historia', 5, 2, 1, 1995, 1, 1, '2012-02-14', 2289, 0, 0),
(107, 'Especialización en Derecho del Trabajo', 6, 2, 4, 1986, 1, 0, NULL, 2128, 0, 0),
(108, 'Especialización en Derecho Administrativo', 6, 2, 4, 1986, 1, 0, NULL, 2641, 0, 0),
(109, 'Especialización en Instituciones Jurídico - Penales', 6, 2, 4, 1986, 1, 0, NULL, 2641, 0, 0),
(110, 'Especialización en Derecho de Familia', 6, 2, 4, 1991, 1, 0, NULL, 2641, 0, 0),
(111, 'Especialización en Derecho Privado Económico', 6, 2, 4, 1986, 1, 0, NULL, 2641, 0, 0),
(112, 'Especialización en Enfermería Cardiorespiratoria', 7, 2, 4, 1980, 1, 1, '2014-06-30', 2580, 0, 0),
(114, 'Especialización en Enfermería Materno Perinatal con Apoyo Familiar', 7, 2, 4, 1983, 1, 1, '2014-06-30', 2580, 0, 0),
(115, 'Especialización en Salud Ocupacional', 7, 2, 4, 1983, 1, 1, '2014-06-30', 2581, 0, 0),
(116, 'Maestría en Enfermería', 7, 2, 2, 1972, 1, 1, '2014-06-30', 2580, 0, 0),
(117, 'Especialización en Sistemas', 8, 2, 4, 1987, 0, 0, NULL, NULL, 0, 0),
(118, 'Especialización en Transportes', 8, 2, 4, 1987, 0, 0, NULL, 2591, 0, 0),
(119, 'Especialización en Estructuras', 8, 2, 4, 1987, 1, 0, NULL, 2591, 0, 0),
(120, 'Especialización en Recursos Hidráulicos', 8, 2, 4, 1987, 0, 0, NULL, 2591, 0, 0),
(121, 'Especialización en Ingeniería Ambiental - Área Sanitaria', 8, 2, 4, 1987, 1, 0, NULL, 2591, 0, 0),
(123, 'Especialización en Automatización Industrial', 8, 2, 4, 1994, 1, 0, NULL, 2590, 0, 0),
(124, 'Maestría en Ingeniería - Ingeniería de Sistemas y Computación', 8, 2, 2, 1987, 1, 1, '2014-06-30', 2592, 0, 0),
(125, 'Maestría en Ingeniería - Transporte', 8, 2, 2, 1987, 1, 1, '2014-06-30', 2591, 0, 0),
(126, 'Maestría en Ingeniería - Estructuras', 8, 2, 2, 1987, 1, 1, '2014-06-30', 2591, 0, 0),
(127, 'Maestría en Ingeniería - Recursos Hidráulicos', 8, 2, 2, 1968, 1, 1, '2014-06-30', 2591, 0, 0),
(128, 'Maestría en Ingeniería - Geotecnia', 8, 2, 2, 1987, 1, 1, '2014-06-30', 2591, 0, 0),
(129, 'Maestría en Ingeniería - Ingeniería Ambiental', 8, 2, 2, 1987, 1, 1, '2014-06-30', 2591, 0, 0),
(130, 'Maestría en Ingeniería - Ingeniería Eléctrica', 8, 2, 2, 1987, 1, 1, '2014-06-30', 2590, 0, 0),
(131, 'Maestría en Ingeniería - Materiales y Procesos', 8, 2, 2, 1984, 1, 1, '2014-06-30', 2589, 0, 0),
(132, 'Maestría en Ingeniería - Automatización Industrial', 8, 2, 2, 1994, 1, 1, '2014-06-30', 2590, 0, 0),
(133, 'Especialidad en Anestesiología y Reanimación', 9, 2, 3, 1973, 1, 0, NULL, 2409, 0, 0),
(134, 'Especialidad en Cirugía General', 9, 2, 3, 1973, 1, 0, NULL, 2409, 0, 0),
(135, 'Especialidad en Cirugía Plástica', 9, 2, 3, 1973, 1, 0, NULL, 2409, 0, 0),
(136, 'Especialidad en Otorrinolaringología', 9, 2, 3, 1973, 1, 0, NULL, 2409, 0, 0),
(137, 'Especialidad en Oftalmología', 9, 2, 3, 1973, 1, 0, NULL, 2409, 0, 0),
(138, 'Especialidad en Neurocirugía', 9, 2, 3, 1973, 1, 0, NULL, 2409, 0, 0),
(139, 'Especialidad en Urología', 9, 2, 3, 1973, 1, 0, NULL, 2409, 0, 0),
(140, 'Especialidad en Ortopedia y Traumatología', 9, 2, 3, 1973, 1, 0, NULL, 2409, 0, 0),
(141, 'Especialidad en Medicina Interna', 9, 2, 3, 1973, 1, 0, NULL, 2412, 0, 0),
(142, 'Especialidad en Neurología Clínica', 9, 2, 3, 1973, 1, 0, NULL, 2412, 0, 0),
(143, 'Especialidad en Psiquiatría', 9, 2, 3, 1973, 1, 0, NULL, 2418, 0, 0),
(144, 'Especialidad en Reumatología', 9, 2, 3, 1973, 1, 0, NULL, 2412, 0, 0),
(145, 'Especialidad en Infectología', 9, 2, 3, 1973, 1, 0, NULL, 2412, 0, 0),
(146, 'Especialidad en Dermatología', 9, 2, 3, 1986, 1, 0, NULL, 2409, 0, 0),
(147, 'Especialidad en Patología Anatómica y Clínica', 9, 2, 3, 1973, 1, 0, NULL, 2416, 0, 0),
(148, 'Especialidad en Radiología E Imágenes Diagnosticas', 9, 2, 3, 1973, 1, 0, NULL, 2411, 0, 0),
(149, 'Especialidad en Obstetricia y Ginecología', 9, 2, 3, 1973, 1, 0, NULL, 2410, 0, 0),
(150, 'Especialidad en Pediatría', 9, 2, 3, 1973, 1, 0, NULL, 2417, 0, 0),
(151, 'Especialidad en Medicina Física y Rehabilitación', 9, 2, 3, 1973, 1, 0, NULL, 2604, 0, 0),
(152, 'Especialidad en Gastroenterología ', 9, 2, 3, 1985, 1, 0, NULL, 2412, 0, 0),
(153, 'Especialidad en Endocrinología ', 9, 2, 3, 1982, 1, 0, NULL, 2412, 0, 0),
(154, 'Especialidad en Neumología Clínica', 9, 2, 3, 1987, 1, 0, NULL, 2412, 0, 0),
(155, 'Especialidad en Cirugía Pediátrica', 9, 2, 3, 1987, 1, 0, NULL, 2409, 0, 0),
(156, 'Especialidad en Oncohematologia Pediátrica', 9, 2, 3, 1992, 1, 0, NULL, 2417, 0, 0),
(157, 'Especialidad en Hematología', 9, 2, 3, 1993, 1, 0, NULL, 2412, 0, 0),
(158, 'Especialidad en Perinatología y Neonatología', 9, 2, 3, 1993, 1, 0, NULL, 2417, 0, 0),
(159, 'Maestría en Genética Humana', 9, 2, 2, 1978, 1, 1, '2012-11-26', 2415, 0, 0),
(160, 'Maestría en Salud Publica', 9, 2, 2, 1973, 1, 1, '2012-02-14', 2602, 0, 0),
(161, 'Maestría en Salud Animal o Producción Animal', 10, 2, 2, 1983, 1, 1, '2014-06-30', 2471, 0, 0),
(163, 'Especialidad en Estomatología Pediátrica y Ortopedia Maxilar', 11, 2, 3, 1980, 1, 1, '2014-06-30', 2632, 0, 0),
(164, 'Especialidad en Ortodoncia y Ortopedia Maxilar', 11, 2, 3, 1982, 1, 1, '2014-06-30', 2632, 0, 0),
(165, 'Especialidad en Periodoncia', 11, 2, 3, 2009, 1, 0, NULL, 2631, 0, 0),
(166, 'Especialidad en Cirugía Oral y Maxilofacial', 11, 2, 3, 1992, 1, 1, '2014-06-30', 2631, 0, 0),
(167, 'Especialidad en Rehabilitación Oral', 11, 2, 3, 1994, 1, 1, '2014-06-30', 2631, 0, 0),
(168, 'Especialización en Planeación Urbano - Regional', 15, 5, 4, 1990, 1, 0, NULL, 3292, 0, 0),
(169, 'Maestría en Estudios Urbano - Regionales', 15, 5, 2, 1984, 1, 1, '2012-02-14', 3292, 0, 0),
(170, 'Especialización en Matemática Avanzada', 16, 5, 4, 1985, 0, 0, NULL, 3105, 0, 0),
(171, 'Especialización en Estadística', 16, 5, 4, 1991, 1, 0, NULL, 3305, 0, 0),
(172, 'Especialización en Óptica Técnica', 16, 5, 4, 1995, 0, 0, NULL, NULL, 0, 0),
(173, 'Maestría en Ciencias - Física', 16, 5, 2, 1995, 1, 0, NULL, 3103, 0, 0),
(174, 'Maestría en Ciencias - Matemáticas', 16, 5, 2, 1967, 1, 0, NULL, 3105, 0, 0),
(175, 'Maestría en Ciencias - Estadística', 16, 5, 2, 1991, 1, 0, NULL, 3305, 0, 0),
(176, 'Doctorado en Ciencias - Matemáticas', 16, 5, 1, 1993, 1, 0, NULL, 3105, 1, 4),
(178, 'Maestría en Bosques y Conservación Ambiental', 17, 5, 2, 1983, 1, 1, '2012-02-14', 3146, 0, 0),
(179, 'Maestría en Ciencias Agrarias', 17, 5, 2, 1999, 1, 1, '2012-11-02', 3318, 0, 0),
(180, 'Especialización en Estética', 18, 5, 4, 1999, 0, 0, NULL, 3326, 0, 0),
(181, 'Especialización en Economía Internacional', 18, 5, 4, 1993, 1, 0, NULL, NULL, 0, 0),
(182, 'Maestría en Ciencias Económicas', 18, 5, 2, 1994, 1, 0, NULL, 3189, 0, 0),
(183, 'Maestría en Historia', 18, 5, 2, 1988, 1, 1, '2012-02-14', 3190, 0, 0),
(184, 'Maestría en Estética', 18, 5, 2, 1994, 1, 0, NULL, 3326, 0, 0),
(185, 'Doctorado en Historia', 18, 5, 1, 1995, 1, 1, '2012-02-14', 3190, 1, 9),
(186, 'Especialización en Sistemas', 19, 5, 4, 1989, 1, 1, '2014-06-30', 3338, 0, 0),
(187, 'Especialización en Ingeniería - Materiales y Procesos', 19, 5, 4, 1993, 1, 0, NULL, 3340, 0, 0),
(188, 'Especialización en Vías y Transporte', 19, 5, 4, 1994, 1, 1, '2014-06-30', 3212, 0, 0),
(189, 'Especialización en Aprovechamiento de Recursos Hidráulicos', 19, 5, 4, 1991, 1, 0, NULL, 3342, 0, 0),
(190, 'Especialización en Estructuras', 19, 5, 4, 1994, 1, 1, '2014-06-30', 3212, 0, 0),
(191, 'Maestría en Ingeniería - Recursos Hidráulicos', 19, 5, 2, 1983, 1, 1, '2014-06-30', 3342, 0, 0),
(192, 'Maestría en Ingeniería - Ciencia y Técnica del Carbón', 19, 5, 2, 1984, 0, 0, NULL, NULL, 0, 0),
(193, 'Maestría en Ingeniería - Ingeniería de Sistemas', 19, 5, 2, 1989, 1, 1, '2014-06-30', 3338, 0, 0),
(195, 'Especialización en Gestión de Redes y Datos', 12, 4, 4, 2006, 1, 1, '2014-06-30', 4097, 0, 0),
(203, 'Especialización en Ingeniería Ambiental - Área Sanitaria', 14, 4, 4, 2000, 1, 0, NULL, 4108, 0, 0),
(207, 'Especialización en Manejo y Conservación de Suelos y Aguas', 20, 7, 4, 1995, 0, 0, NULL, 5132, 0, 0),
(208, 'Especialización en Riegos', 20, 7, 4, 1995, 0, 0, NULL, NULL, 0, 0),
(209, 'Especialización en Tecnología de Semillas', 20, 7, 4, 1995, 0, 0, NULL, NULL, 0, 0),
(210, 'Maestría en Ciencias Agrarias', 20, 7, 2, 1994, 1, 1, '2012-02-14', 5132, 0, 0),
(211, 'Doctorado en Ciencias Agrarias', 20, 7, 1, 1995, 1, 1, '2012-02-14', 5132, 1, 9),
(212, 'Especialización en Ciencia y Tecnología de Alimentos', 3, 2, 4, 1984, 1, 0, NULL, 2133, 0, 0),
(214, 'Maestría en Ciencias - Farmacología', 3, 2, 2, 1983, 1, 1, '2014-06-30', 2129, 0, 0),
(215, 'Maestría en Ciencias - Microbiología', 3, 2, 2, 1991, 1, 1, '2014-06-30', 2129, 0, 0),
(216, 'Maestría en Ciencias - Bioquímica', 3, 2, 2, 1983, 1, 1, NULL, 2133, 0, 0),
(217, 'Maestría en Estudios Políticos', 4, 2, 2, 1994, 1, 1, '2014-06-30', 2641, 0, 0),
(218, 'Especialización en Entomología', 16, 5, 4, 1993, 1, 0, NULL, NULL, 0, 0),
(219, 'Especialización en Ciencia y Tecnología de Alimentos', 17, 5, 4, 1993, 1, 0, NULL, 3145, 0, 0),
(220, 'Maestría en Ciencias - Entomología', 16, 5, 2, 1993, 1, 0, NULL, 3304, 0, 0),
(227, 'Maestría en Administración', 4, 2, 2, 1997, 1, 1, '2014-06-30', 2561, 0, 0),
(229, 'Especialización en Salud Familiar Integral', 7, 2, 4, 1997, 1, 0, NULL, 2581, 0, 0),
(235, 'Maestría en Bioquímica', 9, 2, 2, 1997, 1, 0, NULL, 2408, 0, 0),
(236, 'Maestría en Ciencias - Física', 13, 4, 2, 1997, 1, 1, '2014-06-30', 4096, 0, 0),
(238, 'Maestría en Ciencias - Meteorología', 3, 2, 2, 1997, 1, 1, '2014-06-30', 2552, 0, 0),
(239, 'Especialización en Gestión Ambiental', 19, 5, 4, 1997, 1, 0, NULL, 3342, 0, 0),
(240, 'Maestría en Ciencias - Biotecnología', 16, 5, 2, 1997, 1, 1, '2012-02-14', 3304, 0, 0),
(241, 'Maestría en Fisiología', 9, 2, 2, 1997, 1, 1, '2012-02-14', 2408, 0, 0),
(244, 'Especialización en Agroecología', 20, 7, 4, 1996, 0, 0, NULL, 5132, 0, 0),
(245, 'Doctorado en Ciencias Económicas', 4, 2, 1, 1996, 1, 1, '2014-06-30', 2560, 1, 4),
(247, 'Maestría en Infecciones y Salud en el Trópico', 9, 2, 2, 1996, 1, 1, '2012-02-14', 2602, 0, 0),
(250, 'Maestría en Estudios de Genero', 5, 2, 2, 1996, 1, 1, '2011-09-18', 2572, 0, 0),
(251, 'Especialización en Estudios Feministas y de Genero', 5, 2, 4, 1996, 1, 0, NULL, 2572, 0, 0),
(252, 'Especialización en Ciencia Política', 18, 5, 4, 1996, 1, 0, NULL, 3325, 0, 0),
(253, 'Maestría en Construcción', 2, 2, 2, 1996, 1, 1, '2014-06-30', 2533, 0, 0),
(255, 'Especialidad en Medicina Forense', 9, 2, 3, 1996, 1, 0, NULL, NULL, 0, 0),
(258, 'Especialización en Geotecnia', 8, 2, 4, 1987, 0, 0, NULL, 2591, 0, 0),
(260, 'Maestría en Ingeniería - Ingeniería Química', 8, 2, 2, 1986, 1, 1, '2014-06-30', 2371, 0, 0),
(262, 'Doctorado en Ciencias - Salud Animal o Producción Animal', 10, 2, 1, 1995, 1, 1, '2014-06-30', 2471, 1, 6),
(269, 'Maestría en Derecho', 6, 2, 2, 1997, 1, 0, '2014-06-30', 2641, 0, 0),
(270, 'Maestría en Ciencias - Geomorfología y Suelos', 16, 5, 2, 1997, 1, 1, '2012-02-14', 3282, 0, 0),
(272, 'Maestría en Medio Ambiente y Desarrollo', 4, 2, 2, 1998, 1, 1, '2011-09-18', 2560, 0, 0),
(276, 'Maestría en Ciencias - Geofísica', 3, 2, 2, 1984, 1, 1, '2014-06-30', 2552, 0, 0),
(290, 'Maestría en Ciencias - Química', 16, 5, 2, 1973, 1, 1, '2012-02-14', 3104, 0, 0),
(292, 'Especialización en Instituciones Jurídicas de la Seguridad Social', 6, 2, 4, 1998, 1, 0, NULL, 2127, 0, 0),
(293, 'Especialización en Derecho Constitucional', 6, 2, 4, 1998, 1, 0, NULL, 2641, 0, 0),
(294, 'Especialización en Traducción', 5, 2, 4, 1998, 0, 0, NULL, 2290, 0, 0),
(347, 'Doctorado en Ciencias - Estadística', 3, 2, 1, 1999, 1, 1, '2014-06-30', 2128, 0, 0),
(349, 'Especialización en Instituciones Jurídico - Procesales', 6, 2, 4, 1998, 1, 0, NULL, 2412, 0, 0),
(350, 'Especialización en Biotecnología', 16, 5, 4, 1998, 1, 0, NULL, 3304, 0, 0),
(351, 'Maestría en Toxicología', 9, 2, 2, 1998, 1, 1, '2011-09-30', 2605, 0, 0),
(352, 'Especialidad en Anatomopatología Veterinaria', 10, 2, 3, 1999, 1, 0, NULL, 2473, 0, 0),
(353, 'Maestría en Estudios del Caribe', 23, 3, 2, 1999, 1, 0, NULL, 8000, 0, 0),
(355, 'Doctorado en Ciencias - Biología', 3, 2, 1, 1999, 1, 1, '2014-06-30', 2127, 1, 9),
(361, 'Especialización en Vías y Transporte', 14, 4, 4, 2003, 1, 1, '2014-06-30', 4105, 0, 0),
(364, 'Especialidad en Neuropediatría', 9, 2, 3, 1999, 1, 0, NULL, 2412, 0, 0),
(365, 'Especialización en Ingeniería Financiera', 19, 5, 4, 2003, 1, 1, '2014-06-30', 3337, 0, 0),
(366, 'Especialización en Gerencia  Organizacional', 19, 5, 4, 1999, 0, 0, NULL, NULL, 0, 0),
(367, 'Maestría en Ingeniería - Ingeniería Química', 19, 5, 2, 1999, 1, 1, '2014-06-30', 3341, 0, 0),
(371, 'Maestría en Artes Plásticas y Visuales', 2, 2, 2, 2000, 1, 1, '2014-06-30', 2537, 0, 0),
(372, 'Maestría en Ciencias - Geología', 3, 2, 2, 2000, 1, 1, '2014-06-30', 2552, 0, 0),
(376, 'Maestría en Hábitat', 15, 5, 2, 2000, 1, 1, '2012-02-14', 3296, 0, 0),
(378, 'Maestría en Hábitat', 2, 2, 2, 2000, 1, 1, '2014-06-30', 2537, 0, 0),
(379, 'Maestría en Hábitat', 14, 4, 2, 2000, 1, 0, NULL, 4109, 0, 0),
(380, 'Maestría en Ciencias Biológicas ', 20, 7, 2, 2000, 1, 0, NULL, 5132, 0, 0),
(381, 'Maestría en Estudios Amazónicos', 22, 1, 2, 2000, 1, 1, '2013-06-01', 6000, 0, 0),
(382, 'Maestría en Ingeniería - Telecomunicaciones', 8, 2, 2, 2000, 1, 1, '2014-06-30', 2592, 0, 0),
(383, 'Maestría en Ingeniería - Automatización Industrial', 14, 4, 2, 1994, 1, 1, '2014-06-30', 4106, 0, 0),
(384, 'Especialización en Automatización Industrial', 14, 4, 4, 1994, 1, 0, NULL, 4106, 0, 0),
(386, 'Maestría en Psicología', 5, 2, 2, 2001, 1, 1, '2011-09-06', 2293, 0, 0),
(387, 'Maestría en Ingeniería - Materiales y Procesos', 19, 5, 2, 2001, 1, 1, '2014-06-30', 3340, 0, 0),
(388, 'Maestría en Ciencias Farmacéuticas', 3, 2, 2, 2001, 1, 1, '2014-06-30', 2129, 0, 0),
(389, 'Maestría en Medio Ambiente y Desarrollo', 19, 5, 2, 1998, 1, 1, '2014-06-30', 3342, 0, 0),
(391, 'Doctorado en Ciencias Farmacéuticas', 3, 2, 1, 2001, 1, 1, '2014-06-30', 2129, 1, 8),
(393, 'Doctorado en Enfermería', 7, 2, 1, 2002, 1, 1, '2014-06-30', 2580, 1, 9),
(394, 'Especialización en Biotecnología', 20, 7, 4, 2001, 0, 0, NULL, 5132, 0, 0),
(395, 'Maestría en Ingeniería - Geotecnia', 19, 5, 2, 2001, 1, 1, '2014-06-30', 3212, 0, 0),
(396, 'Maestría en Arquitectura', 2, 2, 2, 2001, 1, 1, '2014-06-30', 2533, 0, 0),
(399, 'Especialización en Diseño de Multimedia', 2, 2, 4, 2002, 1, 0, NULL, 2537, 0, 0),
(404, 'Maestría en Medio Ambiente y Desarrollo', 14, 4, 2, 1998, 1, 1, '2014-06-30', 4109, 0, 0),
(416, 'Maestría en Discapacidad e Inclusión Social', 9, 2, 2, 2002, 1, 1, '2013-07-14', 2608, 0, 0),
(417, 'Especialidad en Medicina Aeroespacial', 9, 2, 3, 2002, 1, 0, NULL, 2412, 0, 0),
(418, 'Maestría en Ingeniería - Ingeniería Agrícola', 8, 2, 2, 2002, 1, 1, '2014-06-30', 2591, 0, 0),
(419, 'Maestría en Administración', 12, 4, 2, 2002, 1, 1, '2014-06-30', 4095, 0, 0),
(420, 'Maestría en Ciencias - Astronomía', 3, 2, 2, 2002, 1, 1, '2014-06-30', 2251, 0, 0),
(421, 'Especialización en Salud Ocupacional', 22, 1, 4, 2003, 0, 0, NULL, NULL, 0, 0),
(422, 'Especialización en Mercados de Energía', 19, 5, 4, 2002, 1, 1, '2014-06-30', 3337, 0, 0),
(423, 'Especialización en Diseño Urbano', 15, 5, 4, 2002, 1, 0, NULL, 3291, 0, 0),
(424, 'Doctorado en Salud Publica', 9, 2, 1, 2003, 1, 1, '2011-09-18', 2602, 1, 8),
(425, 'Maestría en Geomática', 1, 2, 2, 2003, 1, 1, '2014-06-30', 2523, 0, 0),
(426, 'Especialización en Diseño Urbano', 2, 2, 4, 2003, 1, 0, NULL, 2537, 0, 0),
(427, 'Maestría en Ciencias - Matemática Aplicada', 3, 2, 2, 2003, 1, 0, NULL, 2132, 0, 0),
(428, 'Doctorado en Ingeniería - Automática', 14, 4, 1, 2003, 1, 1, '2014-06-30', 4106, 1, 9),
(429, 'Especialización en Gestión de Proyectos de Desarrollo Agroindustrial', 12, 4, 4, 2003, 0, 0, NULL, NULL, 0, 0),
(430, 'Especialización en Gestión Inmobiliaria', 15, 5, 4, 2004, 1, 0, NULL, 3291, 0, 0),
(431, 'Especialización en Estudios Amazónicos', 22, 1, 4, 2003, 1, 1, '2012-04-08', 6000, 0, 0),
(432, 'Especialización en Gestión Empresarial', 19, 5, 4, 2004, 1, 1, '2014-06-30', 3337, 0, 0),
(433, 'Especialización en Diseño de Multimedia', 15, 5, 4, 2003, 1, 0, NULL, 3294, 0, 0),
(435, 'Especialización en Filosofía Política', 5, 2, 4, 2004, 1, 0, NULL, 2287, 0, 0),
(436, 'Especialización en Filosofía de La Mente', 5, 2, 4, 2004, 1, 0, NULL, NULL, 0, 0),
(437, 'Especialización en Teoría Ética', 5, 2, 4, 2004, 1, 0, NULL, NULL, 0, 0),
(438, 'Especialización en Análisis de Políticas Publicas', 6, 2, 4, 2004, 1, 0, NULL, 2641, 0, 0),
(439, 'GESTION Y GERENCIA DE PROYECTOS AGROPECUARIOS', 1, 2, 4, 2004, 0, 0, NULL, 2523, 0, 0),
(440, 'Especialización en Ciencia y Tecnología Cosmética', 3, 2, 4, 2004, 1, 1, '2014-06-30', 2129, 0, 0),
(441, 'Especialización en Terapia Miofuncional y Disfagia', 9, 2, 4, 2004, 0, 0, NULL, 2609, 0, 0),
(442, 'Especialización en Pedagogía del Ingles', 23, 3, 4, 2003, 0, 0, NULL, NULL, 0, 0),
(443, 'Especialización en Gestión Ambiental', 23, 3, 4, 2003, 0, 0, NULL, NULL, 0, 0),
(444, 'Especialización en Nutrición Animal', 17, 5, 4, 2004, 1, 0, NULL, 3147, 0, 0),
(445, 'Maestría en Estudios Literarios', 5, 2, 2, 2004, 1, 1, '2014-06-30', 2291, 0, 0),
(446, 'Especialidad en Geriatría', 9, 2, 3, 2004, 1, 0, NULL, 2412, 0, 0),
(447, 'Maestría en Epidemiologia Clínica', 9, 2, 2, 2004, 1, 0, NULL, 2612, 0, 0),
(448, 'Maestría en Ingeniería - Ingeniería Química', 14, 4, 2, 2004, 1, 1, '2014-06-30', 4108, 0, 0),
(449, 'Maestría en Estudios Culturales', 5, 2, 2, 2004, 1, 1, '2012-02-14', 2294, 0, 0),
(450, 'Doctorado en Ciencias Agrarias', 17, 5, 1, 2004, 1, 1, '2012-11-02', 3318, 1, 6),
(452, 'Especialización en Educación Artística Integral', 2, 2, 4, 2004, 1, 1, '2014-06-30', 2537, 0, 0),
(453, 'Especialización en Calidad de la Energía', 8, 2, 4, 2004, 1, 0, NULL, 2590, 0, 0),
(454, 'Especialización en Iluminación Publica y Privada', 8, 2, 4, 2004, 1, 0, NULL, 2590, 0, 0),
(455, 'Especialización en Ingeniería Eléctrica - Electrónica', 8, 2, 4, 2004, 0, 0, NULL, NULL, 0, 0),
(456, 'Especialización en Ingeniería - Control', 8, 2, 4, 2004, 0, 0, NULL, NULL, 0, 0),
(457, 'Especialización en Dirección de Producción y Operaciones', 14, 4, 4, 2005, 1, 1, '2014-06-30', 4107, 0, 0),
(458, 'Maestría en Pedagogía del Piano', 2, 2, 2, 2005, 1, 0, NULL, 2537, 0, 0),
(459, 'Maestría en Ingeniería - Infraestructura y Sistemas De Transporte', 19, 5, 2, 2005, 1, 1, '2014-06-30', 3212, 0, 0),
(460, 'Doctorado en Ingeniería - Ingeniería Eléctrica', 8, 2, 1, 2005, 1, 1, '2014-06-30', 2590, 1, 6),
(461, 'Doctorado en Ingeniería - Ingeniería Química', 8, 2, 1, 2005, 1, 1, '2014-06-30', 2371, 1, 12),
(462, 'Doctorado en Ingeniería - Geotecnia', 8, 2, 1, 2004, 1, 1, '2014-06-30', 2591, 0, 0),
(463, 'Doctorado en Ingeniería - Recursos Hidráulicos', 19, 5, 1, 2005, 1, 1, '2014-06-30', 3342, 1, 9),
(464, 'Doctorado en Ingeniería - Sistemas', 19, 5, 1, 2005, 1, 1, '2014-06-30', 3338, 1, 6),
(465, 'Doctorado en Ingeniería - Sistemas Energéticos', 19, 5, 1, 2005, 1, 1, '2014-06-30', 3338, 1, 9),
(466, 'Especialización en Estudios del Caribe', 23, 3, 4, 2005, 0, 0, NULL, 8000, 0, 0),
(467, 'Especialización en Cultivos Perennes Industriales', 1, 2, 4, 2005, 1, 0, NULL, 2523, 0, 0),
(468, 'Doctorado en Ciencias - Estadística', 16, 5, 1, 2005, 1, 0, NULL, 3305, 0, 0),
(469, 'Doctorado en Ingeniería - Ciencia y Tecnología de Materiales', 19, 5, 1, 2005, 1, 1, '2014-06-30', 3340, 1, 9),
(470, 'Maestría en Ingeniería Administrativa', 19, 5, 2, 2005, 1, 1, '2014-06-30', 3337, 0, 0),
(471, 'Especialización en Animación', 2, 2, 4, 2007, 1, 0, '2014-06-30', 2537, 0, 0),
(472, 'Doctorado en Arte y Arquitectura', 2, 2, 1, 2006, 1, 0, NULL, 2537, 0, 0),
(473, 'Doctorado en Biotecnología', 3, 2, 1, 2006, 1, 1, '2014-06-30', 2059, 1, 7),
(474, 'Maestría en Escrituras Creativas', 2, 2, 2, 2006, 1, 1, '2014-06-30', 2537, 0, 0),
(475, 'Maestría en Dirección Sinfónica', 2, 2, 2, 2006, 1, 0, NULL, 2537, 0, 0),
(476, 'Especialización en Alimentación y Nutrición en Promoción de la Salud', 9, 2, 4, 2006, 1, 1, '2012-02-14', 2606, 0, 0),
(477, 'Maestría en Educación', 5, 2, 2, 2006, 1, 1, '2012-02-14', 2574, 0, 0),
(478, 'Maestría en Psicoanálisis, Subjetividad y Cultura', 5, 2, 2, 2006, 1, 1, '2012-02-14', 2573, 0, 0),
(479, 'Maestría en Diseño de Multimedia', 2, 2, 2, 2006, 1, 0, NULL, 2537, 0, 0),
(480, 'Maestría en Ciencia y Tecnología de Alimentos', 17, 5, 2, 2006, 1, 0, NULL, 3145, 0, 0),
(481, 'Maestría en Salud y Seguridad en el Trabajo', 7, 2, 2, 2006, 1, 1, '2014-06-30', 2581, 0, 0),
(482, 'Maestría en Conservación del Patrimonio Cultural Inmueble', 2, 2, 2, 2006, 1, 1, '2014-06-30', 2537, 0, 0),
(483, 'Maestría en Diseño Urbano', 2, 2, 2, 2006, 1, 1, '2014-06-30', 2537, 0, 0),
(485, 'Maestría en Arquitectura de la Vivienda', 2, 2, 2, 2006, 1, 1, '2014-06-30', 2537, 0, 0),
(486, 'Maestría en Interdisciplinaria Teatro y Artes Vivas', 2, 2, 2, 2006, 1, 0, '2014-06-30', 2537, 0, 0),
(487, 'Maestría en Museología y Gestión del Patrimonio', 2, 2, 2, 2006, 1, 1, '2014-06-30', 2537, 0, 0),
(488, 'Maestría en Ordenamiento Urbano-Regional', 2, 2, 2, 2006, 1, 1, '2014-06-30', 2537, 0, 0),
(489, 'Especialización en Instrumentos de Ordenamiento Urbano-Regional', 2, 2, 4, 2006, 1, 0, NULL, 2537, 0, 0),
(490, 'Maestría en Musicoterapia', 2, 2, 2, 2006, 1, 0, '2014-06-30', 2537, 0, 0),
(491, 'Especialización en Fotografía', 2, 2, 4, 2006, 1, 0, '2014-06-30', 2537, 0, 0),
(492, 'Maestría en Ingeniería Biomédica', 9, 2, 2, 2006, 1, 0, NULL, 2411, 0, 0),
(493, 'Doctorado en Ingeniería - Sistemas y Computación', 8, 2, 1, 2006, 1, 1, '2014-06-30', 2592, 1, 6),
(494, 'Maestría en Ingeniería Mecánica', 8, 2, 2, 2006, 1, 1, '2014-06-30', 2589, 0, 0),
(495, 'Maestría en Ingeniería Industrial', 8, 2, 2, 2006, 1, 1, '2014-06-30', 2592, 0, 0),
(496, 'Especialización en Interventoria de Proyectos y Obras', 15, 5, 4, 2006, 1, 0, NULL, 3295, 0, 0),
(497, 'Doctorado en Ciencias Biomédicas', 9, 2, 1, 2006, 1, 0, NULL, 2611, 1, 5),
(499, 'Especialización en Patología de la Edificación y Técnicas de Intervención y Prevención', 15, 5, 4, 2006, 1, 0, NULL, 3295, 0, 0),
(500, 'Maestría en Física Medica', 3, 2, 2, 2006, 1, 0, NULL, 2130, 0, 0),
(501, 'Maestría en Neurociencias', 9, 2, 2, 2006, 1, 1, '2012-02-14', 2611, 0, 0),
(502, 'Especialización en Ingeniería Financiera', 12, 4, 4, 2005, 1, 0, NULL, 4095, 0, 0),
(503, 'Maestría en Medicina Alternativa', 9, 2, 2, 2006, 1, 1, '2011-09-11', 2133, 0, 0),
(504, 'Especialización en Divulgación y Apropiación de las Ciencias y las Técnicas', 18, 5, 4, 2007, 1, 0, NULL, NULL, 0, 0),
(505, 'Especialización en Diseño y Desarrollo de Producto', 2, 2, 4, 2007, 1, 0, NULL, 2537, 0, 0),
(506, 'Especialización en Pedagogía del Diseño', 2, 2, 4, 2007, 1, 0, '2014-06-30', 2537, 0, 0),
(507, 'Especialización en Operatoria Dental Estética', 11, 2, 4, 2007, 1, 0, NULL, 2632, 0, 0),
(508, 'Especialización en Transito, Diseño y Seguridad Vial', 8, 2, 4, 2007, 1, 0, NULL, 2591, 0, 0),
(509, 'Maestría en Geografía', 5, 2, 2, 2007, 1, 1, '2012-02-14', 2288, 0, 0),
(510, 'Doctorado en Geografía', 5, 2, 1, 2007, 1, 1, '2012-02-14', 2288, 0, 0),
(511, 'Doctorado en Ingeniería - Ciencia y Tecnología De Materiales', 8, 2, 1, 2007, 1, 1, '2014-06-30', 2589, 1, 12),
(512, 'Maestría en Trabajo Social', 5, 2, 2, 2007, 1, 1, '2012-05-06', 2295, 0, 0),
(513, 'Especialización en Mercados y Políticas de Suelo en América Latina', 6, 2, 4, 2007, 1, 0, NULL, 2668, 0, 0),
(514, 'Especialidad en Cuidado Intensivo Pediátrico', 9, 2, 3, 2007, 1, 0, NULL, 2417, 0, 0),
(515, 'Doctorado en Estudios Políticos y Relaciones Internacionales', 6, 2, 1, 2007, 1, 1, '2014-06-30', 2061, 1, 1),
(516, 'Especialización en Análisis Espacial', 5, 2, 4, 2007, 1, 0, NULL, 2288, 0, 0),
(517, 'Maestría en Ciencias - Matemática Aplicada', 13, 4, 2, 2007, 1, 1, '2014-06-30', 4098, 0, 0),
(518, 'Maestría en Estudios Sociales de la Ciencia', 5, 2, 2, 2008, 1, 1, '2012-02-14', 2294, 0, 0),
(519, 'Maestría en Biociencias y Derecho', 6, 2, 2, 2008, 1, 0, NULL, 2641, 0, 0),
(520, 'Especialización en Frutales Tropicales', 20, 7, 4, 2008, 0, 0, NULL, 5132, 0, 0),
(521, 'Maestría en Comunicación y Medios', 5, 2, 2, 2008, 1, 0, NULL, 2064, 0, 0),
(522, 'Especialización en Acción Sin Daño y Construcción de Paz', 5, 2, 4, 2008, 1, 1, '2011-09-06', 2295, 0, 0),
(523, 'Doctorado en Ecología', 17, 5, 1, 2009, 1, 0, NULL, 3146, 1, 1),
(524, 'Especialización en Finanzas Corporativas', 12, 4, 4, 2008, 1, 1, '2014-06-30', 4095, 0, 0),
(525, 'Especialización en Desarrollo del Marketing Corporativo', 12, 4, 4, 2008, 1, 0, NULL, NULL, 0, 0),
(526, 'Maestría en Arquitectura', 15, 5, 2, 2008, 1, 0, NULL, 3291, 0, 0),
(527, 'Especialización en Derechos Humanos y Derecho Internacional Humanitario', 6, 2, 4, 2008, 1, 0, NULL, 2641, 0, 0),
(528, 'Maestría en Artes Plásticas y Visuales', 15, 5, 2, 2009, 1, 0, NULL, NULL, 0, 0),
(529, 'Maestría en Enseñanza de las Ciencias Exactas y Naturales', 3, 2, 2, 2009, 1, 0, NULL, 2050, 0, 0),
(530, 'Maestría en Enseñanza De Las Ciencias Exactas y Naturales', 16, 5, 2, 2009, 1, 0, NULL, 3100, 0, 0),
(531, 'Maestría en Enseñanza de las Ciencias Exactas y Naturales', 13, 4, 2, 2009, 1, 0, NULL, 4098, 0, 0),
(532, 'Maestría en Enseñanza de las Ciencias Exactas y Naturales', 21, 7, 2, 2009, 1, 0, NULL, 5141, 0, 0),
(533, 'Maestría en Morfología Humana', 9, 2, 2, 2009, 1, 0, NULL, 2415, 0, 0),
(534, 'Especialización en Gestión Cultural con Énfasis en Planeación y Políticas Culturales', 12, 4, 4, 2009, 1, 0, NULL, NULL, 0, 0),
(535, 'Especialización en Auditoria de Sistemas', 12, 4, 4, 2009, 1, 0, NULL, 4097, 0, 0),
(536, 'Especialización en Ingeniería Hidráulica y Ambiental', 14, 4, 4, 2009, 1, 0, NULL, 4105, 0, 0),
(537, 'Especialización en Gerencia Estratégica de Proyectos', 12, 4, 4, 2009, 1, 1, '2014-06-30', 4095, 0, 0),
(538, 'Doctorado en Ciencias Humanas y Sociales', 5, 2, 1, 2009, 1, 1, '2013-08-11', 2294, 1, 6),
(539, 'Doctorado en Ciencias Humanas y Sociales', 18, 5, 1, 2009, 1, 0, NULL, 3190, 1, 11),
(540, 'Doctorado en Derecho', 6, 2, 1, 2009, 1, 0, NULL, 2641, 1, 5),
(541, 'Doctorado en Agroecología', 1, 2, 1, 2009, 1, 0, NULL, 2523, 1, 1),
(542, 'Doctorado en Agroecología', 17, 5, 1, 2009, 1, 1, '2012-11-02', 3318, 0, 0),
(543, 'Doctorado en Agroecología', 20, 7, 1, 2009, 1, 0, NULL, 5176, 1, 5),
(544, 'Doctorado en Agroecología', 22, 1, 1, 2009, 1, 0, NULL, NULL, 0, 0),
(545, 'Maestría en Ingeniería - Ingeniería Industrial', 14, 4, 2, 2009, 1, 0, NULL, NULL, 0, 0),
(546, 'Doctorado en Ciencias - Física', 16, 5, 1, 2009, 1, 0, NULL, 3103, 1, 9),
(547, 'Especialidad en Endodoncia', 11, 2, 3, 2009, 1, 0, '2012-03-05', 2631, 0, 0),
(548, 'Doctorado en Geociencias', 3, 2, 1, 2009, 1, 0, NULL, 2552, 1, 8),
(549, 'Maestría en Estudios Políticos Latinoamericanos', 6, 2, 2, 2009, 1, 0, NULL, 2642, 0, 0),
(550, 'Maestría en Políticas Publicas', 6, 2, 2, 2009, 1, 0, NULL, 2053, 0, 0),
(551, 'Maestría en Ciencia y Tecnología de Alimentos', 3, 2, 2, 2009, 1, 0, NULL, 2133, 0, 0),
(552, 'Doctorado en Ciencias del Mar', 19, 5, 1, 2009, 1, 0, NULL, NULL, 1, 5),
(553, 'Maestría en Ingeniería Mecánica', 19, 5, 2, 2009, 1, 0, NULL, 3339, 0, 0),
(554, 'Maestría en Odontología', 11, 2, 2, 2009, 1, 1, '2014-06-30', 2631, 0, 0),
(555, 'Especialización en Administración en Salud Publica', 9, 2, 4, 2009, 1, 0, NULL, 2602, 0, 0),
(556, 'Especialización en Estructuras', 14, 4, 4, 2010, 1, 0, NULL, 4105, 0, 0),
(557, 'Doctorado en Antropología', 5, 2, 1, 2010, 1, 0, NULL, NULL, 1, 1),
(558, 'Doctorado en Ingeniería - Ingeniería Mecánica y Mecatrónica', 8, 2, 1, 2010, 1, 1, '2014-06-30', 2589, 1, 6),
(559, 'Doctorado en Biotecnología', 16, 5, 1, 2010, 1, 0, NULL, NULL, 1, 6),
(560, 'Doctorado en Ingeniería - Industria y Organizaciones', 8, 2, 1, 2010, 1, 0, NULL, 2592, 0, 0),
(561, 'Doctorado en Ingeniería - Industria y Organizaciones', 19, 5, 1, 2010, 1, 0, NULL, 3337, 1, 1),
(562, 'Doctorado en Ingeniería - Industria y Organizaciones', 14, 4, 1, 2010, 1, 0, NULL, 4107, 0, 0),
(563, 'Maestría en Ciencias - Matemática Aplicada', 16, 5, 2, 2003, 1, 0, NULL, NULL, 0, 0),
(564, 'Especialización en Ergonomía', 21, 7, 4, 2010, 1, 0, NULL, NULL, 0, 0),
(565, 'Maestría en Ingeniería Agroindustrial', 21, 7, 2, 2010, 1, 0, NULL, 5143, 0, 0),
(566, 'Maestría en Ingeniería Agroindustrial', 17, 5, 2, 2010, 1, 0, NULL, NULL, 0, 0),
(567, 'Maestría en Ciencias - Biología', 23, 3, 2, 2010, 1, 0, NULL, 8000, 0, 0),
(568, 'Doctorado en Ciencias - Biología', 23, 3, 1, 2010, 1, 0, NULL, 8000, 1, 2),
(569, 'Maestría en Ingeniería - Ingeniería Ambiental', 21, 7, 2, 2011, 1, 0, NULL, NULL, 0, 0),
(570, 'Maestría en Fisioterapia del Deporte y la Actividad Física', 9, 2, 2, 2011, 1, 0, NULL, NULL, 0, 0),
(571, 'Maestría en Construcción', 15, 5, 2, 2011, 1, 0, NULL, NULL, 0, 0),
(572, 'Maestría en Ingeniería - Ingeniería Eléctrica', 19, 5, 2, 2011, 1, 0, NULL, NULL, 0, 0),
(573, 'Doctorado en Estudios Amazónicos', 22, 1, 1, 2011, 1, 0, NULL, NULL, 0, 0),
(574, 'Maestría en Ingeniería - Ingeniería Eléctrica', 14, 4, 2, 2011, 1, 0, NULL, NULL, 0, 0),
(575, 'Maestría en Ciencias - Bioestadística', 3, 2, 2, 2012, 1, 0, NULL, NULL, 0, 0),
(576, 'Maestría en Contabilidad y Finanzas', 4, 2, 2, 2012, 1, 0, NULL, NULL, 0, 0),
(577, 'Maestría en Estudios Políticos', 18, 5, 2, 2012, 1, 0, NULL, NULL, 0, 0),
(578, 'Maestría en Ingeniería Industrial', 19, 5, 2, 2012, 1, 0, NULL, NULL, 0, 0),
(579, 'Maestría en Ingeniería - Ingeniería Electrónica', 8, 2, 2, 2012, 1, 0, NULL, NULL, 0, 0),
(580, 'Especialización en Educación Social y Ámbitos Académicos', 20, 7, 4, 2012, 1, 0, NULL, NULL, 0, 0),
(581, 'Maestría en Educación Artística Integral', 2, 2, 2, 2012, 1, 0, '2014-06-30', NULL, 0, 0),
(582, 'Maestría en Musicología', 2, 2, 2, 2012, 1, 0, NULL, 2537, 0, 0),
(583, 'Doctorado en Ciencias - Bioquímica', 3, 2, 1, 2012, 1, 0, NULL, NULL, 1, 5),
(584, 'Maestría en Administración', 21, 7, 2, 1997, 1, 0, NULL, NULL, 0, 0),
(585, 'Doctorado en Ingeniería - Ingeniería . Química', 14, 4, 1, 2005, 1, 0, NULL, NULL, 0, 0),
(586, 'Maestría en Ingeniería - Recursos Minerales', 19, 5, 2, 2012, 1, 0, NULL, NULL, 0, 0),
(587, 'Maestría en Bioinformatica', 8, 2, 2, 2013, 1, 0, NULL, NULL, 0, 0),
(588, 'Maestria en Ingeniería - Ingenieria de Petroleos', 19, 5, 2, 2013, 1, 0, NULL, NULL, 0, 0),
(589, 'Doctorado en Psicología', 5, 2, 1, 2013, 1, 0, NULL, NULL, 0, 0),
(590, 'Doctorado en Ingenieria - Ingeniería Civil', 8, 2, 1, 2013, 1, 0, NULL, NULL, 1, 9),
(591, 'Maestria en Ingeniería - Sistemas Energéticos', 19, 5, 2, 2013, 1, 0, NULL, NULL, 0, 0),
(592, 'Doctorado en Ingenieria - Ingeniería Civil', 19, 5, 1, 2013, 1, 0, NULL, NULL, 1, 6),
(593, 'Maestria en Actuaria y finanzas', 3, 2, 2, 2013, 1, 0, NULL, NULL, 0, 0),
(1000, 'Maestría en Química', 1000, 1000, 2, 1976, 0, 0, '2014-06-30', NULL, 0, 0);

-- --------------------------------------------------------

--
-- Estructura de tabla para la tabla `uni_academicas`
--

CREATE TABLE IF NOT EXISTS `uni_academicas` (
  `id_academica` int(6) NOT NULL,
  `detalle` text NOT NULL,
  `id_plan` int(6) NOT NULL,
  PRIMARY KEY (`id_academica`),
  KEY `FK_PLAN` (`id_plan`)
) ENGINE=InnoDB DEFAULT CHARSET=ascii;

--
-- Volcar la base de datos para la tabla `uni_academicas`
--


-- --------------------------------------------------------

--
-- Estructura de tabla para la tabla `uni_areas`
--

CREATE TABLE IF NOT EXISTS `uni_areas` (
  `id_area` int(6) NOT NULL AUTO_INCREMENT,
  `descripcion_area` text NOT NULL,
  PRIMARY KEY (`id_area`)
) ENGINE=InnoDB  DEFAULT CHARSET=ascii AUTO_INCREMENT=3 ;

--
-- Volcar la base de datos para la tabla `uni_areas`
--

INSERT INTO `uni_areas` (`id_area`, `descripcion_area`) VALUES
(1, 'BIOLOGIA'),
(2, 'ARQUITECTURA');

-- --------------------------------------------------------

--
-- Estructura de tabla para la tabla `uni_area_conocimiento`
--

CREATE TABLE IF NOT EXISTS `uni_area_conocimiento` (
  `Id_area_cto` int(6) NOT NULL AUTO_INCREMENT,
  `area_cto_nombre` text,
  PRIMARY KEY (`Id_area_cto`)
) ENGINE=MyISAM  DEFAULT CHARSET=utf8 AUTO_INCREMENT=9 ;

--
-- Volcar la base de datos para la tabla `uni_area_conocimiento`
--

INSERT INTO `uni_area_conocimiento` (`Id_area_cto`, `area_cto_nombre`) VALUES
(1, 'Agronom&iacute;a, veterinaria y afines'),
(2, 'Bellas artes'),
(3, 'Ciencias de la educaci&oacute;n'),
(4, 'Ciencias de la Salud'),
(5, 'Ciencias Sociales, Derecho, Ciencias Políticas'),
(6, 'Econom&iacute;a, administraci&oacute;n, contadur&iacute;a y afines'),
(7, 'Ingenier&iacute;a, arquitectura, urbanismo y afines'),
(8, 'Matem&aacute;ticas y ciencias naturales');

-- --------------------------------------------------------

--
-- Estructura de tabla para la tabla `uni_asignatura_elegible`
--

CREATE TABLE IF NOT EXISTS `uni_asignatura_elegible` (
  `id_asignatura_elegible` int(6) NOT NULL AUTO_INCREMENT,
  `descripcion_asignatura_elegible` text NOT NULL,
  `creditos` int(6) NOT NULL,
  `codigo` int(6) NOT NULL,
  `codigo_por_asignar` int(6) NOT NULL,
  PRIMARY KEY (`id_asignatura_elegible`)
) ENGINE=InnoDB DEFAULT CHARSET=armscii8 AUTO_INCREMENT=1 ;

--
-- Volcar la base de datos para la tabla `uni_asignatura_elegible`
--


-- --------------------------------------------------------

--
-- Estructura de tabla para la tabla `uni_asignatura_obligatoria`
--

CREATE TABLE IF NOT EXISTS `uni_asignatura_obligatoria` (
  `id_asignatura_obligatoria` int(6) NOT NULL AUTO_INCREMENT,
  `descripcion_asignatura_obligatoria` text NOT NULL,
  `creditos` int(6) NOT NULL,
  PRIMARY KEY (`id_asignatura_obligatoria`)
) ENGINE=InnoDB DEFAULT CHARSET=armscii8 AUTO_INCREMENT=1 ;

--
-- Volcar la base de datos para la tabla `uni_asignatura_obligatoria`
--


-- --------------------------------------------------------

--
-- Estructura de tabla para la tabla `uni_categorias`
--

CREATE TABLE IF NOT EXISTS `uni_categorias` (
  `id_categoria` int(6) NOT NULL AUTO_INCREMENT,
  `descrip_categoria` text NOT NULL,
  PRIMARY KEY (`id_categoria`)
) ENGINE=InnoDB  DEFAULT CHARSET=ascii AUTO_INCREMENT=7 ;

--
-- Volcar la base de datos para la tabla `uni_categorias`
--

INSERT INTO `uni_categorias` (`id_categoria`, `descrip_categoria`) VALUES
(1, 'Especial'),
(2, 'Ocacional'),
(3, 'Asistente'),
(4, 'Asociado'),
(5, 'Auxiliar'),
(6, 'Titular');

-- --------------------------------------------------------

--
-- Estructura de tabla para la tabla `uni_categoria_docente`
--

CREATE TABLE IF NOT EXISTS `uni_categoria_docente` (
  `id_categoria` int(11) NOT NULL,
  `nombre_categoria` text NOT NULL
) ENGINE=InnoDB DEFAULT CHARSET=ascii;

--
-- Volcar la base de datos para la tabla `uni_categoria_docente`
--

INSERT INTO `uni_categoria_docente` (`id_categoria`, `nombre_categoria`) VALUES
(1, 'Especial'),
(2, 'Ocacional'),
(3, 'Asistente'),
(4, 'Asociado'),
(5, 'Auxiliar'),
(6, 'Titular');

-- --------------------------------------------------------

--
-- Estructura de tabla para la tabla `uni_chequeo`
--

CREATE TABLE IF NOT EXISTS `uni_chequeo` (
  `id_lista_chequeo` int(6) NOT NULL,
  `id_consecutivo_formato_creacion` int(6) NOT NULL,
  `descripcion_lista chequeo` int(30) NOT NULL,
  `fecha` date NOT NULL,
  `aprobacion` text NOT NULL,
  PRIMARY KEY (`id_lista_chequeo`)
) ENGINE=InnoDB DEFAULT CHARSET=armscii8;

--
-- Volcar la base de datos para la tabla `uni_chequeo`
--


-- --------------------------------------------------------

--
-- Estructura de tabla para la tabla `uni_creacion_apertura`
--

CREATE TABLE IF NOT EXISTS `uni_creacion_apertura` (
  `id_formulario` int(6) NOT NULL AUTO_INCREMENT,
  `id_procedimiento` int(6) NOT NULL,
  `id_programa` int(6) NOT NULL,
  `id_plan` int(6) NOT NULL,
  `titulo` text CHARACTER SET ascii NOT NULL,
  `id_sede` int(6) NOT NULL,
  `id_facultad` int(6) NOT NULL,
  `facultades` int(60) NOT NULL,
  `grupo_Gestor` varchar(50) CHARACTER SET ascii NOT NULL,
  `mail` int(20) NOT NULL,
  `extension` int(15) NOT NULL,
  `celular` int(20) NOT NULL,
  `instancia` int(25) NOT NULL,
  `acta` int(20) NOT NULL,
  `fecha2` int(20) NOT NULL,
  `fortalezas_profesionales` varchar(50) CHARACTER SET ascii NOT NULL,
  `justificacion` varchar(50) CHARACTER SET ascii NOT NULL,
  `Demanda_potencial` varchar(50) CHARACTER SET ascii NOT NULL,
  `Resumen_documento` varchar(100) CHARACTER SET ascii NOT NULL,
  `lineas_inv` int(50) NOT NULL,
  `Grupos_investigacion1` varchar(50) CHARACTER SET ascii NOT NULL,
  `clasifica_colciencias` int(15) NOT NULL,
  `Publicaciones` varchar(50) CHARACTER SET ascii NOT NULL,
  `Objetivos_programa` varchar(100) CHARACTER SET ascii NOT NULL,
  `Perfil_ingreso` varchar(100) CHARACTER SET ascii NOT NULL,
  `Objetivo_especifico` varchar(100) CHARACTER SET ascii NOT NULL,
  `perfil_egreso` varchar(100) CHARACTER SET ascii NOT NULL,
  `ud_duracion` int(6) NOT NULL,
  `Reglamentos_facultades` varchar(2) CHARACTER SET ascii NOT NULL,
  `estructura` varchar(50) CHARACTER SET ascii NOT NULL,
  `id_asignaturas` int(6) NOT NULL,
  `Tesis` varchar(50) CHARACTER SET ascii NOT NULL,
  `Mension_meritoria` varchar(100) CHARACTER SET ascii NOT NULL,
  `Trabajo_final` varchar(100) CHARACTER SET ascii NOT NULL,
  `Criterios_otorgar` varchar(100) CHARACTER SET ascii NOT NULL,
  `Examen_calificacion` varchar(100) CHARACTER SET ascii NOT NULL,
  `Comite_tutor` varchar(100) CHARACTER SET ascii NOT NULL,
  `Presentacion_articulo` varchar(100) CHARACTER SET ascii NOT NULL,
  `articulacion_planes` varchar(100) CHARACTER SET ascii NOT NULL,
  `punto_equilibrio` varchar(20) CHARACTER SET ascii NOT NULL,
  `Comite_asesor` varchar(100) CHARACTER SET ascii NOT NULL,
  `Nombre_Universidad1` varchar(100) CHARACTER SET ascii NOT NULL,
  `Resumen_concepto1` varchar(100) CHARACTER SET ascii NOT NULL,
  `Resumen_concepto2` varchar(100) CHARACTER SET ascii NOT NULL,
  `Resumen_concepto3` varchar(100) CHARACTER SET ascii NOT NULL,
  `Nombre_Universidad2` varchar(100) CHARACTER SET ascii NOT NULL,
  `Nombre_Universidad3` varchar(100) CHARACTER SET ascii NOT NULL,
  `Respuesta_gestor` varchar(100) CHARACTER SET ascii NOT NULL,
  `id_asignaturas_elegibles` varchar(6) CHARACTER SET ascii NOT NULL,
  `Concepto_planeacion` varchar(100) CHARACTER SET ascii NOT NULL,
  `Concepto_sede_academica` varchar(100) CHARACTER SET ascii NOT NULL,
  `Concepto_programa_postgrado` varchar(100) CHARACTER SET ascii NOT NULL,
  `Observaciones_cosejo_academico` varchar(100) CHARACTER SET ascii NOT NULL,
  `Respuesta_comisio_area` varchar(100) CHARACTER SET ascii NOT NULL,
  `Aval_consejo` varchar(2) CHARACTER SET ascii NOT NULL,
  `Cancepto_evaluador_academico` varchar(2) CHARACTER SET ascii NOT NULL,
  `Aval_ofi_planeacion` varchar(2) CHARACTER SET ascii NOT NULL,
  `Aval_Academica_sede` varchar(2) CHARACTER SET ascii NOT NULL,
  `Resumen_hoja_vida` varchar(2) CHARACTER SET ascii NOT NULL,
  `Formatos_asignaturas` varchar(2) CHARACTER SET ascii NOT NULL,
  `Numero_acuerdos_creacion` varchar(10) CHARACTER SET ascii NOT NULL,
  `Numero_acuerdos_apertura` varchar(10) CHARACTER SET ascii NOT NULL,
  `fecha` date NOT NULL,
  `id_area` int(6) NOT NULL,
  `id_grupo` int(6) NOT NULL,
  PRIMARY KEY (`id_formulario`)
) ENGINE=InnoDB  DEFAULT CHARSET=latin1 AUTO_INCREMENT=3 ;

--
-- Volcar la base de datos para la tabla `uni_creacion_apertura`
--

INSERT INTO `uni_creacion_apertura` (`id_formulario`, `id_procedimiento`, `id_programa`, `id_plan`, `titulo`, `id_sede`, `id_facultad`, `facultades`, `grupo_Gestor`, `mail`, `extension`, `celular`, `instancia`, `acta`, `fecha2`, `fortalezas_profesionales`, `justificacion`, `Demanda_potencial`, `Resumen_documento`, `lineas_inv`, `Grupos_investigacion1`, `clasifica_colciencias`, `Publicaciones`, `Objetivos_programa`, `Perfil_ingreso`, `Objetivo_especifico`, `perfil_egreso`, `ud_duracion`, `Reglamentos_facultades`, `estructura`, `id_asignaturas`, `Tesis`, `Mension_meritoria`, `Trabajo_final`, `Criterios_otorgar`, `Examen_calificacion`, `Comite_tutor`, `Presentacion_articulo`, `articulacion_planes`, `punto_equilibrio`, `Comite_asesor`, `Nombre_Universidad1`, `Resumen_concepto1`, `Resumen_concepto2`, `Resumen_concepto3`, `Nombre_Universidad2`, `Nombre_Universidad3`, `Respuesta_gestor`, `id_asignaturas_elegibles`, `Concepto_planeacion`, `Concepto_sede_academica`, `Concepto_programa_postgrado`, `Observaciones_cosejo_academico`, `Respuesta_comisio_area`, `Aval_consejo`, `Cancepto_evaluador_academico`, `Aval_ofi_planeacion`, `Aval_Academica_sede`, `Resumen_hoja_vida`, `Formatos_asignaturas`, `Numero_acuerdos_creacion`, `Numero_acuerdos_apertura`, `fecha`, `id_area`, `id_grupo`) VALUES
(1, 0, 0, 0, '', 0, 0, 0, '', 0, 0, 0, 0, 0, 0, '', '', '', '', 0, '', 0, '', '', '', '', '', 0, '', '', 0, '', '', '', '', '', '', '', '', '', '', '', '', '', '', '', '', '', '', '', '', '', '', '', '', '', '', '', '', '', '', '', '0000-00-00', 0, 0),
(2, 0, 0, 0, '', 0, 0, 0, '', 0, 0, 0, 0, 0, 0, '', '', '', '', 0, '', 0, '', '', '', '', '', 0, '', '', 0, '', '', '', '', '', '', '', '', '', '', '', '', '', '', '', '', '', '', '', '', '', '', '', '', '', '', '', '', '', '', '', '0000-00-00', 0, 0);

-- --------------------------------------------------------

--
-- Estructura de tabla para la tabla `uni_dedicacion`
--

CREATE TABLE IF NOT EXISTS `uni_dedicacion` (
  `id_dedicacion` int(6) NOT NULL AUTO_INCREMENT,
  `descripcion_dedicacion` text NOT NULL,
  PRIMARY KEY (`id_dedicacion`)
) ENGINE=InnoDB  DEFAULT CHARSET=ascii AUTO_INCREMENT=5 ;

--
-- Volcar la base de datos para la tabla `uni_dedicacion`
--

INSERT INTO `uni_dedicacion` (`id_dedicacion`, `descripcion_dedicacion`) VALUES
(1, 'Dedicacion Exclusiva'),
(2, 'Tiempo Completo'),
(3, 'Medio Tiempo'),
(4, 'Categra');

-- --------------------------------------------------------

--
-- Estructura de tabla para la tabla `uni_dedicacion_docente`
--

CREATE TABLE IF NOT EXISTS `uni_dedicacion_docente` (
  `id_dedicacion` int(11) NOT NULL,
  `nombre_dedicacion` text NOT NULL
) ENGINE=InnoDB DEFAULT CHARSET=ascii;

--
-- Volcar la base de datos para la tabla `uni_dedicacion_docente`
--

INSERT INTO `uni_dedicacion_docente` (`id_dedicacion`, `nombre_dedicacion`) VALUES
(1, 'Exclusiva'),
(2, 'Tiempo Completo'),
(3, 'Medio Tiempo'),
(4, 'Catedra');

-- --------------------------------------------------------

--
-- Estructura de tabla para la tabla `uni_docentes`
--

CREATE TABLE IF NOT EXISTS `uni_docentes` (
  `id_docente` int(6) NOT NULL AUTO_INCREMENT,
  `cedula` int(15) NOT NULL,
  `apellidos` text NOT NULL,
  `nombres` text NOT NULL,
  `uab_docente` text NOT NULL,
  `ano_vinculacion` int(4) NOT NULL,
  `estudio_posgrado` text NOT NULL,
  `id_estudio_posgrado` int(6) NOT NULL,
  `id_categoria` int(6) NOT NULL,
  `id_dedicacion` int(6) NOT NULL,
  `Num_impresos` int(6) NOT NULL,
  `Num_Capitulos` int(6) NOT NULL,
  `Num_Libros` int(6) NOT NULL,
  `Num_Memorias` int(6) NOT NULL,
  `Num_Articulos` int(6) NOT NULL,
  `Num_Premios` int(6) NOT NULL,
  `Num_Audiovisulaes` int(6) NOT NULL,
  `Num_Recitales` int(6) NOT NULL,
  `Num_Trab_Pregrado_DIrigidos` int(6) NOT NULL,
  `Num_Trab_Finales` int(6) NOT NULL,
  `Num_maestrias_dirigidas` int(6) NOT NULL,
  `Num_doctorados_dirigidas` int(6) NOT NULL,
  `Grupo_Inv_lidera` text CHARACTER SET armscii8 NOT NULL,
  `Proy_Investigacion` text CHARACTER SET armscii8 NOT NULL,
  `Proy_Acreditacioon_artistica` int(50) NOT NULL,
  `Prog_Vinculacion` int(50) NOT NULL,
  `Num_Trab_grado_dirig_actualmente` int(6) NOT NULL,
  `Num_Trab_finales_dirig_actualmente` int(6) NOT NULL,
  `Num_tesis_diri_maestria_actual` int(6) NOT NULL,
  `Num_tesis_diri_doctorado_actual` int(6) NOT NULL,
  `Actividades Adtivas_actual` int(50) NOT NULL,
  PRIMARY KEY (`id_docente`),
  UNIQUE KEY `cedula` (`cedula`)
) ENGINE=InnoDB  DEFAULT CHARSET=ascii AUTO_INCREMENT=6 ;

--
-- Volcar la base de datos para la tabla `uni_docentes`
--

INSERT INTO `uni_docentes` (`id_docente`, `cedula`, `apellidos`, `nombres`, `uab_docente`, `ano_vinculacion`, `estudio_posgrado`, `id_estudio_posgrado`, `id_categoria`, `id_dedicacion`, `Num_impresos`, `Num_Capitulos`, `Num_Libros`, `Num_Memorias`, `Num_Articulos`, `Num_Premios`, `Num_Audiovisulaes`, `Num_Recitales`, `Num_Trab_Pregrado_DIrigidos`, `Num_Trab_Finales`, `Num_maestrias_dirigidas`, `Num_doctorados_dirigidas`, `Grupo_Inv_lidera`, `Proy_Investigacion`, `Proy_Acreditacioon_artistica`, `Prog_Vinculacion`, `Num_Trab_grado_dirig_actualmente`, `Num_Trab_finales_dirig_actualmente`, `Num_tesis_diri_maestria_actual`, `Num_tesis_diri_doctorado_actual`, `Actividades Adtivas_actual`) VALUES
(2, 52114, 't', 't', 't', 0, 't', 0, 0, 0, 0, 0, 0, 0, 0, 0, 0, 0, 0, 0, 0, 0, 't', 't', 0, 0, 0, 0, 0, 0, 0),
(3, 1234, 'p', 'ff', 'f', 1988, 'f', 0, 0, 0, 3, 2, 2, 2, 2, 2, 2, 2, 2, 2, 2, 2, 'ffff', 'kk', 0, 0, 7, 7, 7, 7, 0),
(4, 54321, 'eee', 'eee', 'e', 2011, 'e', 0, 0, 0, 6, 6, 6, 6, 6, 6, 6, 6, 6, 6, 6, 6, 'ppp', 'ppp', 0, 0, 5, 5, 5, 5, 0),
(5, 7878787, 'jhjhjj', 'hjhj', 'kl', 2007, 'klkl', 0, 0, 0, 5, 3, 2, 2, 2, 2, 4, 5, 5, 2, 5, 3, 'jlkl', '??lk', 0, 0, 1, 4, 2, 4, 4);

-- --------------------------------------------------------

--
-- Estructura de tabla para la tabla `uni_duracion`
--

CREATE TABLE IF NOT EXISTS `uni_duracion` (
  `id_duracion` int(6) NOT NULL AUTO_INCREMENT,
  `descripcion_duracion` text NOT NULL,
  PRIMARY KEY (`id_duracion`)
) ENGINE=InnoDB  DEFAULT CHARSET=armscii8 AUTO_INCREMENT=3 ;

--
-- Volcar la base de datos para la tabla `uni_duracion`
--

INSERT INTO `uni_duracion` (`id_duracion`, `descripcion_duracion`) VALUES
(1, 'Anual'),
(2, 'Semestral');

-- --------------------------------------------------------

--
-- Estructura de tabla para la tabla `uni_estructura_plan_inv`
--

CREATE TABLE IF NOT EXISTS `uni_estructura_plan_inv` (
  `id_estructura_plan_inv` int(6) NOT NULL AUTO_INCREMENT,
  `descripcion_plan_inv` text NOT NULL,
  `creditos` int(6) NOT NULL,
  `porcentaje` int(6) NOT NULL,
  PRIMARY KEY (`id_estructura_plan_inv`)
) ENGINE=InnoDB DEFAULT CHARSET=armscii8 AUTO_INCREMENT=1 ;

--
-- Volcar la base de datos para la tabla `uni_estructura_plan_inv`
--


-- --------------------------------------------------------

--
-- Estructura de tabla para la tabla `uni_estructura_plan_prof_especialidad`
--

CREATE TABLE IF NOT EXISTS `uni_estructura_plan_prof_especialidad` (
  `id_estructura_plan_prof_especialidad` int(6) NOT NULL AUTO_INCREMENT,
  `descripcion_plan_prof_especialidad` text NOT NULL,
  `creditos` int(6) NOT NULL,
  `porcentaje` int(11) NOT NULL,
  PRIMARY KEY (`id_estructura_plan_prof_especialidad`)
) ENGINE=InnoDB DEFAULT CHARSET=armscii8 AUTO_INCREMENT=1 ;

--
-- Volcar la base de datos para la tabla `uni_estructura_plan_prof_especialidad`
--


-- --------------------------------------------------------

--
-- Estructura de tabla para la tabla `uni_estudios_docente`
--

CREATE TABLE IF NOT EXISTS `uni_estudios_docente` (
  `id_estudio_docente` int(11) NOT NULL,
  `nombre_estudio_docente` text NOT NULL
) ENGINE=InnoDB DEFAULT CHARSET=ascii;

--
-- Volcar la base de datos para la tabla `uni_estudios_docente`
--

INSERT INTO `uni_estudios_docente` (`id_estudio_docente`, `nombre_estudio_docente`) VALUES
(1, 'Doctorado'),
(2, 'Maestria'),
(3, 'Especialidad'),
(4, 'Especializacion');

-- --------------------------------------------------------

--
-- Estructura de tabla para la tabla `uni_estudio_posgrado`
--

CREATE TABLE IF NOT EXISTS `uni_estudio_posgrado` (
  `id_posgrado` int(6) NOT NULL AUTO_INCREMENT,
  `descripcion_posgrado` text NOT NULL,
  PRIMARY KEY (`id_posgrado`)
) ENGINE=InnoDB  DEFAULT CHARSET=ascii AUTO_INCREMENT=5 ;

--
-- Volcar la base de datos para la tabla `uni_estudio_posgrado`
--

INSERT INTO `uni_estudio_posgrado` (`id_posgrado`, `descripcion_posgrado`) VALUES
(1, 'Especialidad'),
(2, 'Especializacion'),
(3, 'Maestria'),
(4, 'Doctorado');

-- --------------------------------------------------------

--
-- Estructura de tabla para la tabla `uni_facultad`
--

CREATE TABLE IF NOT EXISTS `uni_facultad` (
  `id_facultad` int(6) NOT NULL AUTO_INCREMENT,
  `descripcion` text NOT NULL,
  `id_sede` int(11) NOT NULL,
  PRIMARY KEY (`id_facultad`)
) ENGINE=InnoDB  DEFAULT CHARSET=ascii AUTO_INCREMENT=26 ;

--
-- Volcar la base de datos para la tabla `uni_facultad`
--

INSERT INTO `uni_facultad` (`id_facultad`, `descripcion`, `id_sede`) VALUES
(1, 'Ciencias Agrarias', 2),
(2, 'Artes', 2),
(3, 'Ciencias', 2),
(4, 'Ciencias Econ&oacute;micas', 2),
(5, 'Ciencias Humanas', 2),
(6, 'Derecho, Ciencias Pol&iacute;ticas y Sociales', 2),
(7, 'Enfermer&iacute;a', 2),
(8, 'Ingenier&iacute;a', 2),
(9, 'Medicina', 2),
(10, 'Medicina Veterinaria y de Zootecnia', 2),
(11, 'Odontolog&iacute;a', 2),
(12, 'Administraci&oacute;n', 4),
(13, 'Ciencias Exactas y Naturales', 4),
(14, 'Ingenier&iacute;a y Arquitectura', 4),
(15, 'Arquitectura', 5),
(16, 'Ciencias', 5),
(17, 'Ciencias Agrarias', 5),
(18, 'Ciencias Humanas y Econ&oacute;micas', 5),
(19, 'Minas', 5),
(20, 'Ciencias Agropecuarias', 5),
(21, 'Ingenier&iacute;a y Administraci&oacute;n', 7),
(22, 'Amazonia', 1),
(23, 'Caribe', 3),
(24, 'Orinoquia', 6),
(25, 'Tumaco', 8);

-- --------------------------------------------------------

--
-- Estructura de tabla para la tabla `uni_facultad_int`
--

CREATE TABLE IF NOT EXISTS `uni_facultad_int` (
  `id_facultad` int(6) NOT NULL AUTO_INCREMENT,
  `descripcion_facultad` text NOT NULL,
  `id_area` int(6) NOT NULL,
  `id_sede` int(6) NOT NULL,
  `id_docente` int(6) NOT NULL,
  `id_interadministrativa` int(6) NOT NULL,
  `año` int(4) NOT NULL,
  PRIMARY KEY (`id_facultad`),
  KEY `id_area` (`id_area`,`id_sede`,`id_docente`,`id_interadministrativa`,`año`),
  KEY `fk_sede` (`id_sede`),
  KEY `FK_DOCENTE` (`id_docente`),
  KEY `FK_INTERADMINISTRATIVA` (`id_interadministrativa`)
) ENGINE=InnoDB DEFAULT CHARSET=ascii AUTO_INCREMENT=1 ;

--
-- Volcar la base de datos para la tabla `uni_facultad_int`
--


-- --------------------------------------------------------

--
-- Estructura de tabla para la tabla `uni_grupo`
--

CREATE TABLE IF NOT EXISTS `uni_grupo` (
  `id_grupo` int(6) NOT NULL AUTO_INCREMENT,
  `descripcion_grupo` text NOT NULL,
  PRIMARY KEY (`id_grupo`)
) ENGINE=InnoDB DEFAULT CHARSET=ascii AUTO_INCREMENT=1 ;

--
-- Volcar la base de datos para la tabla `uni_grupo`
--


-- --------------------------------------------------------

--
-- Estructura de tabla para la tabla `uni_info_formatos`
--

CREATE TABLE IF NOT EXISTS `uni_info_formatos` (
  `id_formato` int(6) NOT NULL AUTO_INCREMENT,
  `descripcion_formatos` text CHARACTER SET ascii NOT NULL,
  `id_sede` int(6) NOT NULL,
  `id_facultad_inter` int(6) NOT NULL,
  `id_faciultad` int(6) NOT NULL,
  `ano` int(4) NOT NULL,
  `id_revision` int(6) NOT NULL,
  `id_programa` int(6) NOT NULL,
  `id_plan` int(6) NOT NULL,
  `fecha_diligencia` date NOT NULL,
  `id_observacion1` varchar(70) CHARACTER SET ascii NOT NULL,
  `id_observacion2` varchar(70) CHARACTER SET ascii NOT NULL,
  `id_observacion3` varchar(70) CHARACTER SET ascii NOT NULL,
  `id_observacion4` varchar(70) CHARACTER SET ascii NOT NULL,
  `id_observacion5` varchar(70) CHARACTER SET ascii NOT NULL,
  `id_observacion6` varchar(70) CHARACTER SET ascii NOT NULL,
  `id_observacion7` varchar(70) CHARACTER SET ascii NOT NULL,
  `id_observacion8` varchar(70) CHARACTER SET ascii NOT NULL,
  `id_observacion9` varchar(70) CHARACTER SET ascii NOT NULL,
  `id_observacion10` varchar(70) CHARACTER SET ascii NOT NULL,
  PRIMARY KEY (`id_formato`),
  UNIQUE KEY `fk_facultad` (`id_faciultad`),
  KEY `id_sede` (`id_sede`,`id_facultad_inter`,`id_faciultad`,`id_revision`,`id_programa`,`id_plan`),
  KEY `fk_facultad_inter` (`id_facultad_inter`),
  KEY `fk_revision` (`id_revision`),
  KEY `fk_programa` (`id_programa`),
  KEY `fk_plan` (`id_plan`)
) ENGINE=InnoDB DEFAULT CHARSET=latin1 AUTO_INCREMENT=1 ;

--
-- Volcar la base de datos para la tabla `uni_info_formatos`
--


-- --------------------------------------------------------

--
-- Estructura de tabla para la tabla `uni_investigacion`
--

CREATE TABLE IF NOT EXISTS `uni_investigacion` (
  `id_investigacion` int(6) NOT NULL AUTO_INCREMENT,
  `descriopcion_investigacion` text NOT NULL,
  `id_grupo` int(6) NOT NULL,
  `id_facultad` int(6) NOT NULL,
  PRIMARY KEY (`id_investigacion`),
  KEY `id_grupo` (`id_grupo`,`id_facultad`),
  KEY `FK_FACULTAD` (`id_facultad`)
) ENGINE=InnoDB DEFAULT CHARSET=ascii AUTO_INCREMENT=1 ;

--
-- Volcar la base de datos para la tabla `uni_investigacion`
--


-- --------------------------------------------------------

--
-- Estructura de tabla para la tabla `uni_nivel`
--

CREATE TABLE IF NOT EXISTS `uni_nivel` (
  `id_nivel` int(4) NOT NULL,
  `nombre_nivel` text NOT NULL,
  PRIMARY KEY (`id_nivel`)
) ENGINE=InnoDB DEFAULT CHARSET=ascii;

--
-- Volcar la base de datos para la tabla `uni_nivel`
--

INSERT INTO `uni_nivel` (`id_nivel`, `nombre_nivel`) VALUES
(1, 'Doctorado'),
(2, 'Maestria'),
(3, 'Especialidad'),
(4, 'Especializacion');

-- --------------------------------------------------------

--
-- Estructura de tabla para la tabla `uni_plan`
--

CREATE TABLE IF NOT EXISTS `uni_plan` (
  `id_plan` int(6) NOT NULL AUTO_INCREMENT,
  `nombre_plan` text NOT NULL,
  PRIMARY KEY (`id_plan`)
) ENGINE=InnoDB  DEFAULT CHARSET=ascii AUTO_INCREMENT=4 ;

--
-- Volcar la base de datos para la tabla `uni_plan`
--

INSERT INTO `uni_plan` (`id_plan`, `nombre_plan`) VALUES
(1, 'Investigaci&oacute;n'),
(2, 'Profundizaci&oacute;n'),
(3, 'Investigaci&oacute;n-Profundizaci&oacute;n');

-- --------------------------------------------------------

--
-- Estructura de tabla para la tabla `uni_procedimiento`
--

CREATE TABLE IF NOT EXISTS `uni_procedimiento` (
  `id_procedimieto` int(11) NOT NULL,
  `id_nom_procedimiento` text NOT NULL,
  UNIQUE KEY `id_nom_procedimiento` (`id_nom_procedimiento`(15))
) ENGINE=InnoDB DEFAULT CHARSET=ascii;

--
-- Volcar la base de datos para la tabla `uni_procedimiento`
--

INSERT INTO `uni_procedimiento` (`id_procedimieto`, `id_nom_procedimiento`) VALUES
(1, 'Creaci&oacute;n'),
(2, 'Apertura'),
(3, 'Modificaci&oacute;n');

-- --------------------------------------------------------

--
-- Estructura de tabla para la tabla `uni_programa`
--

CREATE TABLE IF NOT EXISTS `uni_programa` (
  `id_programa` int(6) NOT NULL AUTO_INCREMENT,
  `descripcion` text NOT NULL,
  `id_sede` int(20) NOT NULL,
  `id_facultad` int(20) NOT NULL,
  `id_plan` int(6) NOT NULL,
  `id_nivel` int(4) NOT NULL,
  PRIMARY KEY (`id_programa`),
  KEY `id_plan` (`id_plan`)
) ENGINE=InnoDB DEFAULT CHARSET=ascii AUTO_INCREMENT=1 ;

--
-- Volcar la base de datos para la tabla `uni_programa`
--


-- --------------------------------------------------------

--
-- Estructura de tabla para la tabla `uni_revision`
--

CREATE TABLE IF NOT EXISTS `uni_revision` (
  `id_revision` int(6) NOT NULL AUTO_INCREMENT,
  `descripcion_revision` text NOT NULL,
  PRIMARY KEY (`id_revision`)
) ENGINE=InnoDB  DEFAULT CHARSET=ascii AUTO_INCREMENT=10 ;

--
-- Volcar la base de datos para la tabla `uni_revision`
--

INSERT INTO `uni_revision` (`id_revision`, `descripcion_revision`) VALUES
(1, 'Consejo Superior Universitario'),
(2, 'Consejo Academico'),
(3, 'Consejo de Sede'),
(4, 'Comite Nacional de Programas Curriculares'),
(5, 'Direccion Nacional de Programas de Posgrado'),
(6, 'Oficina Planeacion de la Sede'),
(7, 'Consejo de Facultad'),
(8, 'Direccion Academica de la Sede'),
(9, 'Comite Academico Administrativo');

-- --------------------------------------------------------

--
-- Estructura de tabla para la tabla `uni_sedes`
--

CREATE TABLE IF NOT EXISTS `uni_sedes` (
  `id_sede` int(6) NOT NULL AUTO_INCREMENT,
  `descripcion` text NOT NULL,
  PRIMARY KEY (`id_sede`)
) ENGINE=InnoDB  DEFAULT CHARSET=ascii AUTO_INCREMENT=9 ;

--
-- Volcar la base de datos para la tabla `uni_sedes`
--

INSERT INTO `uni_sedes` (`id_sede`, `descripcion`) VALUES
(1, 'Amazonia'),
(2, 'Bogot&aacute;'),
(3, 'Caribe'),
(4, 'Manizales'),
(5, 'Medell&iacute;n'),
(6, 'Orinoquia'),
(7, 'Palmira'),
(8, 'Tumaco');

-- --------------------------------------------------------

--
-- Estructura de tabla para la tabla `uni_titulo`
--

CREATE TABLE IF NOT EXISTS `uni_titulo` (
  `id_titulo` int(6) NOT NULL AUTO_INCREMENT,
  `nombre_titulo` text NOT NULL,
  PRIMARY KEY (`id_titulo`)
) ENGINE=InnoDB  DEFAULT CHARSET=ascii AUTO_INCREMENT=4 ;

--
-- Volcar la base de datos para la tabla `uni_titulo`
--

INSERT INTO `uni_titulo` (`id_titulo`, `nombre_titulo`) VALUES
(1, 'Doctor en'),
(2, 'Magister en'),
(3, 'Especialista en');

--
-- Filtros para las tablas descargadas (dump)
--

--
-- Filtros para la tabla `uni_academicas`
--
ALTER TABLE `uni_academicas`
  ADD CONSTRAINT `uni_academicas_ibfk_1` FOREIGN KEY (`id_plan`) REFERENCES `uni_plan` (`id_plan`);

--
-- Filtros para la tabla `uni_facultad_int`
--
ALTER TABLE `uni_facultad_int`
  ADD CONSTRAINT `uni_facultad_int_ibfk_3` FOREIGN KEY (`id_area`) REFERENCES `uni_areas` (`id_area`),
  ADD CONSTRAINT `uni_facultad_int_ibfk_4` FOREIGN KEY (`id_sede`) REFERENCES `uni_sedes` (`id_sede`);

--
-- Filtros para la tabla `uni_info_formatos`
--
ALTER TABLE `uni_info_formatos`
  ADD CONSTRAINT `uni_info_formatos_ibfk_1` FOREIGN KEY (`id_revision`) REFERENCES `uni_revision` (`id_revision`),
  ADD CONSTRAINT `uni_info_formatos_ibfk_2` FOREIGN KEY (`id_programa`) REFERENCES `uni_programa` (`id_programa`),
  ADD CONSTRAINT `uni_info_formatos_ibfk_3` FOREIGN KEY (`id_plan`) REFERENCES `uni_plan` (`id_plan`),
  ADD CONSTRAINT `uni_info_formatos_ibfk_4` FOREIGN KEY (`id_sede`) REFERENCES `uni_sedes` (`id_sede`),
  ADD CONSTRAINT `uni_info_formatos_ibfk_6` FOREIGN KEY (`id_faciultad`) REFERENCES `uni_facultad_int` (`id_facultad`);

--
-- Filtros para la tabla `uni_investigacion`
--
ALTER TABLE `uni_investigacion`
  ADD CONSTRAINT `uni_investigacion_ibfk_1` FOREIGN KEY (`id_grupo`) REFERENCES `uni_grupo` (`id_grupo`);

--
-- Filtros para la tabla `uni_programa`
--
ALTER TABLE `uni_programa`
  ADD CONSTRAINT `uni_programa_ibfk_1` FOREIGN KEY (`id_plan`) REFERENCES `uni_plan` (`id_plan`);
